{"id":48,"date":"2010-12-15T16:05:41","date_gmt":"2010-12-15T20:05:41","guid":{"rendered":"http:\/\/ciepo.org\/web\/?page_id=48"},"modified":"2011-10-06T16:40:00","modified_gmt":"2011-10-06T20:40:00","slug":"gestion-de-riesgos","status":"publish","type":"page","link":"https:\/\/ciepo.org\/web\/proyectos\/gestion-de-riesgos\/","title":{"rendered":"\u2022 Gesti\u00f3n de Riesgos"},"content":{"rendered":"<p><span style=\"font-family: 'Arial','sans-serif'; font-size: 12pt; mso-fareast-font-family: 'Times New Roman'; mso-fareast-language: ES-DO;\"><strong> <\/strong><\/span><\/p>\n<p><strong><\/p>\n<p class=\"MsoNormal\" style=\"text-align: left; line-height: 14.25pt; margin: 0cm 0cm 10pt; mso-margin-top-alt: auto; mso-margin-bottom-alt: auto;\">Importancia de la Gesti\u00f3n de Riegos<\/p>\n<p><\/strong><strong> <\/strong><\/p>\n<p><strong> <\/strong><\/p>\n<p class=\"MsoNormal\" style=\"text-align: left; line-height: 14.25pt; margin: 0cm 0cm 10pt; mso-margin-top-alt: auto; mso-margin-bottom-alt: auto;\">&nbsp;<\/p>\n<p class=\"MsoNormal\" style=\"text-align: left; line-height: 14.25pt; margin: 0cm 0cm 10pt; mso-margin-top-alt: auto; mso-margin-bottom-alt: auto;\"><span style=\"font-family: 'Arial','sans-serif'; color: black; font-size: 12pt; mso-fareast-font-family: 'Times New Roman'; mso-fareast-language: ES-DO; mso-bidi-font-weight: bold;\">Rep\u00fablica Dominicana se encuentra expuesta a fen\u00f3menos naturales de car\u00e1cter c\u00edclico. La ocurrencia de huracanes, tornados, ondas tropicales, entre otros, est\u00e1n asociadas a grandes precipitaciones cuyas secuelas impactan de forma directa a grupos sociales vulnerables, as\u00ed como a la producci\u00f3n agr\u00edcola, redes viales e infraestructuras en general.<\/span><\/p>\n<p class=\"MsoNormal\" style=\"text-align: left; line-height: 14.25pt; margin: 0cm 0cm 10pt; mso-margin-top-alt: auto; mso-margin-bottom-alt: auto;\"><span style=\"font-family: 'Arial','sans-serif'; color: black; font-size: 12pt; mso-fareast-font-family: 'Times New Roman'; mso-fareast-language: ES-DO; mso-bidi-font-weight: bold;\">La estructura de tenencia de tierras en el pa\u00eds, tanto a nivel urbano como rural ha provocado un uso conflictivo de suelo con graves implicaciones en la gesti\u00f3n de los desastres. A nivel urbano, peri urbano, al igual que en la poblaci\u00f3n rural, se evidencia el uso cada vez mayor de terrenos no aptos para establecimiento de asentamientos humanos. As\u00ed se puede notar que los espacios marginales, como cauces de ca\u00f1adas o r\u00edos, depresiones del suelo, bordes de caminos, en fin todo tipo de terrenos con estructuras fr\u00e1giles se han convertido en los \u00fanicos espacios a los cuales los pobres tienen acceso para construir sus viviendas. Unido a esa inequitativa distribuci\u00f3n del espacio se encuentra la ausencia de la planificaci\u00f3n del territorio para regular en base a criterios adecuados la construcci\u00f3n de residenciales.<\/span><\/p>\n<p class=\"MsoNormal\" style=\"text-align: left; line-height: 14.25pt; margin: 0cm 0cm 10pt; mso-margin-top-alt: auto; mso-margin-bottom-alt: auto;\"><span style=\"font-family: 'Arial','sans-serif'; color: black; font-size: 12pt; mso-fareast-font-family: 'Times New Roman'; mso-fareast-language: ES-DO; mso-bidi-font-weight: bold;\">Ambos condicionantes, la falta de ordenamiento territorial como la exclusi\u00f3n social, someten a grandes n\u00facleos poblacionales a situaciones de inseguridad ante desastres. El problema se convierte en una amenaza de mayores dimensiones por la frecuencia con que ocurren inundaciones, desplazamientos, riadas, ventiscas y muchos otros imponderables de la naturaleza. <\/span><\/p>\n<p class=\"MsoNormal\" style=\"text-align: left; line-height: 14.25pt; margin: 0cm 0cm 10pt; mso-margin-top-alt: auto; mso-margin-bottom-alt: auto;\"><span style=\"font-family: 'Arial','sans-serif'; font-size: 12pt; mso-fareast-font-family: 'Times New Roman'; mso-fareast-language: ES-DO; mso-bidi-font-weight: bold;\">En la actualidad existe un consenso en la comunidad cient\u00edfica en torno a la creciente amenaza que cierne sobre la humanidad por la mayor frecuencia y severidad con que se generan los fen\u00f3menos naturales. Los cambios clim\u00e1ticos como el calentamiento de la tierra, el efecto invernadero, la destrucci\u00f3n de la capa de ozono, entre otras alteraciones explican la tendencia descrita. Es decir, son situaciones cuyas posibilidades de modificar son de mediano alcance y con un limitado margen de intervenci\u00f3n a nivel local.<\/span><\/p>\n<p class=\"MsoNormal\" style=\"text-align: left; line-height: 14.25pt; margin: 0cm 0cm 10pt; mso-margin-top-alt: auto; mso-margin-bottom-alt: auto;\"><span style=\"font-family: 'Arial','sans-serif'; color: black; font-size: 12pt; mso-fareast-font-family: 'Times New Roman'; mso-fareast-language: ES-DO; mso-bidi-font-weight: bold;\">Este escenario demanda una estrategia de intervenci\u00f3n dirigida a evitar que los fen\u00f3menos naturales se conviertan en desastres. El inter\u00e9s es anticiparse a los posibles impactos as\u00ed como la recuperaci\u00f3n posterior con prontitud y eficacia resultado del dise\u00f1o de pol\u00edticas y mecanismos institucionales para una gesti\u00f3n eficaz de mitigaci\u00f3n de la cat\u00e1strofe. Dicha estrategia tambi\u00e9n aplica para intervenciones en emergencias generadas por crisis pol\u00edticas, guerras o conflictos sociales agudos.<\/span><\/p>\n<p class=\"MsoNormal\" style=\"text-align: left; line-height: 14.25pt; margin: 0cm 0cm 10pt; mso-margin-top-alt: auto; mso-margin-bottom-alt: auto;\"><span style=\"font-family: 'Arial','sans-serif'; color: black; font-size: 12pt; mso-fareast-font-family: 'Times New Roman'; mso-fareast-language: ES-DO; mso-bidi-font-weight: bold;\"> <em>\u2022 an\u00e1lisis de los riesgos para determinar\u00a0su clase y gravedad para la poblaci\u00f3n y las\u00a0inversiones en desarrollo<\/em><\/span><span style=\"font-family: 'Arial','sans-serif'; font-size: 12pt; mso-fareast-font-family: 'Times New Roman'; mso-fareast-language: ES-DO; mso-bidi-font-weight: bold;\"> <\/span><\/p>\n<p class=\"MsoNormal\" style=\"text-align: left; line-height: 14.25pt; margin: 0cm 0cm 0pt;\"><em><span style=\"font-family: 'Arial','sans-serif'; font-size: 12pt; mso-fareast-font-family: 'Times New Roman'; mso-fareast-language: ES-DO; mso-bidi-font-weight: bold;\">\u2022 medidas de prevenci\u00f3n y mitigaci\u00f3n\u00a0para abordar las causas estructurales de la\u00a0vulnerabilidad<\/span><\/em><span style=\"font-family: 'Arial','sans-serif'; font-size: 12pt; mso-fareast-font-family: 'Times New Roman'; mso-fareast-language: ES-DO;\"> <\/span><\/p>\n<p class=\"MsoNormal\" style=\"text-align: left; line-height: normal; margin: 0cm 0cm 0pt;\"><em><span style=\"font-family: 'Arial','sans-serif'; font-size: 12pt; mso-fareast-font-family: 'Times New Roman'; mso-fareast-language: ES-DO; mso-bidi-font-weight: bold;\">\u2022 transferencia de riesgos a fin de distribuir los\u00a0riesgos financieros en el tiempo y entre\u00a0distintos protagonistas<\/span><\/em><span style=\"font-family: 'Arial','sans-serif'; font-size: 12pt; mso-fareast-font-family: 'Times New Roman'; mso-fareast-language: ES-DO; mso-bidi-font-weight: bold;\"> <\/span><\/p>\n<p class=\"MsoNormal\" style=\"text-align: left; line-height: normal; margin: 0cm 0cm 10pt;\"><span style=\"font-family: 'Arial','sans-serif'; font-size: 12pt; mso-fareast-font-family: 'Times New Roman'; mso-fareast-language: ES-DO; mso-bidi-font-weight: bold;\"><em>\u2022 rehabilitaci\u00f3n y reconstrucci\u00f3n despu\u00e9s\u00a0de los desastres para facilitar la recuperaci\u00f3n\u00a0eficaz y crear salvaguardias contra desastres\u00a0futuros<\/em><\/span><\/p>\n<p class=\"MsoNormal\" style=\"text-align: left; line-height: normal; margin: 0cm 0cm 10pt;\"><em style=\"mso-bidi-font-style: normal;\"><span style=\"font-family: 'Arial','sans-serif'; font-size: 12pt; mso-fareast-font-family: 'Times New Roman'; mso-fareast-language: ES-DO; mso-bidi-font-weight: bold;\">\u2022 preparativos e intervenci\u00f3n en situaciones\u00a0de emergencia con el prop\u00f3sito de que los\u00a0pa\u00edses est\u00e9n mejor preparados para hacer f\u00a0rente de forma r\u00e1pida y eficaz a las\u00a0situaciones de emergencia, y\ufeff<\/span><\/em><\/p>\n<p class=\"MsoNormal\" style=\"text-align: left; line-height: normal; margin: 0cm 0cm 10pt;\"><em style=\"mso-bidi-font-style: normal;\"><span style=\"font-family: 'Arial','sans-serif'; font-size: 12pt; mso-fareast-font-family: 'Times New Roman'; mso-fareast-language: ES-DO; mso-bidi-font-weight: bold;\"> <\/span><\/em><\/p>\n<p class=\"mceTemp\" style=\"text-align: left;\"><strong> <\/strong><strong>\ufeff\ufeff\ufeff\ufeff<\/strong><strong>Resumen de Ejecutorias<\/strong><strong> <\/strong><\/p>\n<p class=\"mceTemp\" style=\"text-align: left;\">&nbsp;<\/p>\n<p class=\"mceTemp\" style=\"text-align: left;\"><strong>Proyecto: Fortalecimiento de las Capacidades Locales en Gesti\u00f3n del Riesgo en cinco comunidades de las provincia Bahoruco e Independencia,<\/strong> financiado por Interm\u00f3n Oxfam y la Agencia Espa\u00f1ola de Cooperaci\u00f3n Internacional para el Desarrollo (AECID), con el objetivo de:<\/p>\n<p style=\"text-align: left;\"><strong>Objetivos:<\/strong><\/p>\n<p style=\"text-align: left;\">-Fortalecer las capacidades de las instituciones gubernamentales involucradas en el tema de gesti\u00f3n de riesgo (Defensa Civil, Cuerpo de Bomberos, Ayuntamientos y otros) y de organizaciones de la sociedad civil (ONG, Federaciones de mujeres, familias, estudiantes, maestros), en cinco comunidades de las provincia Bahoruco e Independencia.<\/p>\n<p style=\"text-align: left;\">-Mejorar la preparaci\u00f3n de las comunidades beneficiarias del proyecto ante la ocurrencia de desastres de origen natural, dot\u00e1ndola con equipos y elementos de alerta temprana para primera respuesta.<\/p>\n<p style=\"text-align: left;\">-Mejorar el conocimiento de la Sociedad Civil sobre los instrumentos legales vigentes en el tema de Gesti\u00f3n de Riesgos, con especial atenci\u00f3n a los mecanismos de protecci\u00f3n de afectados por desastres: Marco Legal Nacional, Declaraci\u00f3n Universal de los Derechos Humanos, Carta Humanitaria, C\u00f3digos de Buena Conducta, entre otras.<\/p>\n<p style=\"text-align: left;\"><strong> <\/strong><strong>Principales logros:<\/strong><\/p>\n<ul style=\"text-align: left;\">\n<li> Constituida una Red de Facilitadores para multiplicar sus conocimientos en el tema de gesti\u00f3n de riesgos, en cinco comunidades de las provincia Bahoruco e Independencia.<\/li>\n<li>Instituciones p\u00fablicas y privadas, estudiantes, organizaciones de base, l\u00edderes comunitarios, facilitadores sensibilizadas en el tema de gesti\u00f3n de riesgos.<\/li>\n<li>La sociedad civil tiene conocimientos de la existencia y el contenido de la Ley 147-02 de Gesti\u00f3n de Riesgo.<\/li>\n<li>Conformaci\u00f3n y validaci\u00f3n de los Comit\u00e9s Municipales de Prevenci\u00f3n, Mitigaci\u00f3n y Respuesta en las cinco comunidades beneficiarias.<\/li>\n<li>Realizados los planes de emergencia y de contingencia en las cinco comunidades beneficiarias.<\/li>\n<li>Construidas 3 obras de mitigaci\u00f3n en tres de las cinco comunidades beneficiarias del proyecto (El guayabal: Muro de contenci\u00f3n; Villa Jaragua: Muro de contenci\u00f3n y Duverg\u00e9: un puente pasarela sobre el Rio Las Damas).<\/li>\n<li>Cinco comunidades beneficiarias del proyecto dotadas de herramientas, equipos y sistemas de alerta temprana.<\/li>\n<\/ul>\n<p style=\"text-align: left;\">&nbsp;<\/p>\n<p style=\"text-align: left;\"><strong>Proyecto: Fortalecimiento de las Capacidades Locales en Gesti\u00f3n del Riesgo, <\/strong>financiado por la Agencia Alemana de Cooperaci\u00f3n (GTZ), con el objetivo de sensibilizar a las comunidades en el tema de Gesti\u00f3n de Riesgo<\/p>\n<p style=\"text-align: left;\"><strong>Principales logros.<\/strong><\/p>\n<ul style=\"text-align: left;\">\n<li> Cuatro comunidades sensibilizadas en el tema de gesti\u00f3n de riesgo.<\/li>\n<li>Cuatro comunidades caracterizadas y con los insumos y recursos identificados para la elaboraci\u00f3n de sus planes de emergencia.<\/li>\n<li>Dos an\u00e1lisis de riesgos realizados en dos de las cuatro comunidades beneficiarias con el proyecto.<\/li>\n<li>Una obra de mitigaci\u00f3n realizada en una de las 4 comunidades beneficiarias del proyecto.<\/li>\n<li>Personal t\u00e9cnico de Ciepo capacitado en el tema de Gesti\u00f3n de Riesgos.<\/li>\n<\/ul>\n<p style=\"text-align: left;\">&nbsp;<\/p>\n<p style=\"text-align: left;\"><strong>Proyecto: Reforestaci\u00f3n de la Cuenca del Arroyo Hierba Buena y el R\u00edo El Guayabal, <\/strong>financiado por la Agencia Alemana de Cooperaci\u00f3n (GTZ), con el objetivo de recuperar la cobertura boscosa de las Cuencas Alta y Baja del Arroyo Hierba Buena.<strong> <\/strong><\/p>\n<p style=\"text-align: left;\"><strong> <\/strong><strong>Principales logros:<\/strong><\/p>\n<ul style=\"text-align: left;\">\n<li><strong> <\/strong>Sembrados 81 mil \u00e1rboles maderables de las variedades, Ch\u00e1charo, Ceiba, Guayac\u00e1n, Caoba, Cedro, coraz\u00f3n de Paloma y Caya en el \u00e1rea de influencia del proyecto.<\/li>\n<li>Construidos dos viveros y sembrados 25 mil plantas de caf\u00e9 en las comunidades de Los Bolos y El Maniel.<\/li>\n<li>Realizado un estudio de riesgos de inundaciones del \u00c1rea de La Descubierta.<\/li>\n<\/ul>\n<p style=\"text-align: left;\"><strong> <\/strong><\/p>\n<p style=\"text-align: left;\"><strong>Proyecto: Reducci\u00f3n Riesgo Inundaci\u00f3n del Arroyo Hierba Buena en La Descubierta. Auspiciado por el Programa de las Naciones Unidas para el Desarrollo, a trav\u00e9s de su Programa de Micro realizaciones (PMR2). <\/strong><\/p>\n<p style=\"text-align: left;\"><strong>E<a><\/a><\/strong>l proyecto se ejecut\u00f3 con el objetivo de disminuir la vulnerabilidad de la poblaci\u00f3n del municipio de La Descubierta, en la Provincia Independencia, a las inundaciones provocadas por las crecidas del Arroyo Hierba Buena, mediante la construcci\u00f3n de infraestructura de prevenci\u00f3n, consistente en: un muro de hormig\u00f3n armado,\u00a0 muros de gaviones y encausamiento del arroyo. El proyecto ten\u00eda tambi\u00e9n como prop\u00f3sito fortalecer las capacidades\u00a0 locales para asumir medidas complementarias de mediano y largo plazo como la reforestaci\u00f3n\u00a0 en la parte alta de la cuenca, el control de la erosi\u00f3n de c\u00e1rcavas y torrentes y el ordenamiento territorial urban\u00edstico del\u00a0 municipio.<\/p>\n<p style=\"text-align: left;\"><strong>Principales Logros:<\/strong><\/p>\n<ul style=\"text-align: left;\">\n<li>Realizado un estudio de Riesgo de Inundaciones del \u00c1rea Sub-Urbana entre el arroyo Hierba Buena y el Centro Urbano de La Descubierta.<\/li>\n<li>Elaborados los estudios complementarios y dise\u00f1o de las obras de reducci\u00f3n de riesgo de inundaciones (muros de contenci\u00f3n)\u00a0 sobre el Arroyo Hierba Buena.<\/li>\n<li>Constituido el Comit\u00e9 Permanente de Prevenci\u00f3n de Desastres en el Municipio de La Descubierta.<\/li>\n<li>Socializados los resultados de los estudios con representantes de las organizaciones de base y las distintas instituciones p\u00fablicas y privadas de La Descubierta.<\/li>\n<li>Construido un muro de contenci\u00f3n sobre el arroyo Hierba Buena, con una longitud de mil 558 metros lineales.<\/li>\n<li>Construido un muro de hormig\u00f3n armado con una longitud de 53 metros\u00a0 c\u00fabicos.<\/li>\n<li>Sembrados 70 mil \u00e1rboles maderables de las variedades ch\u00e1charo, guayac\u00e1n, ceiba y caya,\u00a0 en toda\u00a0 la cuenca\u00a0 baja del arroyo Hierba Buena.<\/li>\n<li>Fortalecida la Red Integral de Gesti\u00f3n de Riesgos, constituida por m\u00e1s de 30 j\u00f3venes de La Descubierta.<\/li>\n<\/ul>\n<p style=\"text-align: left;\">En el marco de este proyecto, se concert\u00f3 un acuerdo con el Programa Mundial de Alimentos (PMA), el cual dispuso la entrega de 800 raciones alimenticias para beneficiar a los pobladores que aportaron su mano de obra no calificada. Las raciones consistieron en arroz, aceite, habichuelas y harina de ma\u00edz.<\/p>\n<p style=\"text-align: left;\">La construcci\u00f3n del muro de contenci\u00f3n sobre el arroyo Hierba Buena sirvi\u00f3 adem\u00e1s para fortalecer la coordinaci\u00f3n interinstitucional, ya que el Ayuntamiento, la Direcci\u00f3n General de Fronteras, Indesur y otras hicieron significativos aportes\u00a0 para el levantamiento de las infraestructuras.<\/p>\n<p style=\"text-align: left;\"><strong> <\/strong><\/p>\n<p style=\"text-align: left;\"><strong>Intervenci\u00f3n en la comunidad de Crist\u00f3bal<\/strong><\/p>\n<p style=\"text-align: left;\">&nbsp;<\/p>\n<p style=\"text-align: left;\"><a href=\"http:\/\/ciepo.org\/web\/wp-content\/uploads\/2010\/12\/DSCN4331.jpg\"><img loading=\"lazy\" decoding=\"async\" title=\"riesgo 2\" src=\"http:\/\/ciepo.org\/web\/wp-content\/uploads\/2010\/12\/DSCN4331-300x224.jpg\" alt=\"\" width=\"300\" height=\"224\" \/><\/a><\/p>\n<p style=\"text-align: left;\">A inicios del a\u00f1o 2007 y a finales del 2008, la comunidad de Crist\u00f3bal en la Provincia Independencia fue impactada por los efectos de las tormentas Noel y Olga que provocaron el desbordamiento del Rio Yaque del Sur, lo que se vio agravado con la presencia del hurac\u00e1n IKE.\u00a0Las aguas de ese R\u00edo, al salirse de su cauce, ensancharon la Laguna de Cabral y esta inund\u00f3 m\u00e1s del 60 por ciento de las viviendas en la comunidad de Crist\u00f3bal. Los principales medios de vida y todas las l\u00edneas vitales resultaron seriamente afectados.<\/p>\n<p style=\"text-align: left;\">El Centro de Investigaci\u00f3n y Educaci\u00f3n Popular, Inc. moviliz\u00f3 su personal de la Unidad de Gesti\u00f3n de Riesgo, para la realizaci\u00f3n de una Evaluaci\u00f3n de Da\u00f1os y un An\u00e1lisis de Necesidades (Edan), cuyos resultados fueron enviados a los organismos con los cuales trabajamos.\u00a0Interm\u00f3n Oxfam decidi\u00f3 asistir a las familias afectadas a trav\u00e9s del proyecto Saneamiento y Agua, que se extendi\u00f3 por espacio de dos meses. Las acciones de ese proyecto fueron puestas en manos de CIEPO, para responder a las necesidades de\u00a0 los afectados.<\/p>\n<p style=\"text-align: left;\">A trav\u00e9s de sus componentes agua, saneamiento e higiene, CIEPO atendi\u00f3 el clamor de las familias, pero aprovech\u00f3 adem\u00e1s para introducir un proceso educativo y de organizaci\u00f3n para la gesti\u00f3n de riesgo.\u00a0Al final de la intervenci\u00f3n, los residentes en la comunidad de Crist\u00f3bal, que sufre esa situaci\u00f3n cada a\u00f1o, qued\u00f3 mejor preparada para enfrentar futuros desastres al incorporar la gesti\u00f3n de riesgo en la planificaci\u00f3n del desarrollo.<\/p>\n<p style=\"text-align: left;\">Las acciones llevadas a cabo en el marco de esa intervenci\u00f3n en Crist\u00f3bal fueron las siguientes:<\/p>\n<ul style=\"text-align: left;\">\n<li> Realizaci\u00f3n de un EDAN (Evaluaci\u00f3n de Da\u00f1os)<\/li>\n<li>Constituci\u00f3n de un Comit\u00e9 de Atenci\u00f3n a Emergencias<\/li>\n<li>Capacitaci\u00f3n a ese Comit\u00e9 en el tema de Gesti\u00f3n de Riesgos<\/li>\n<li>Manejo de AlberguesRecepci\u00f3n y distribuci\u00f3n de ayudas humanitarias<\/li>\n<li>Instalaci\u00f3n de letrinas ecol\u00f3gicas<\/li>\n<li>Entrega y distribuci\u00f3n de 2 mil botellones de agua potable para 200 familias.<\/li>\n<li>Impartici\u00f3n de Curso sobre Higiene y Saneamiento.<\/li>\n<li>Impartici\u00f3n de un Taller sobre Manejo de Desastres<\/li>\n<\/ul>\n<p style=\"text-align: left;\"><a href=\"http:\/\/ciepo.org\/web\/wp-content\/uploads\/2010\/12\/DSCN4379.jpg\"><img loading=\"lazy\" decoding=\"async\" title=\"riesgo\" src=\"http:\/\/ciepo.org\/web\/wp-content\/uploads\/2010\/12\/DSCN4379-300x225.jpg\" alt=\"\" width=\"300\" height=\"225\" \/><\/a> <a href=\"http:\/\/ciepo.org\/web\/wp-content\/uploads\/2010\/12\/Tecnicos-de-Intermon-Oxfam-y-de-CIEPO-en-reunion-con-comunitarios-de-Cristobal.jpg\"><img loading=\"lazy\" decoding=\"async\" title=\"Tecnicos de Intermon Oxfam y de CIEPO en reunion con comunitarios de Cristobal\" src=\"http:\/\/ciepo.org\/web\/wp-content\/uploads\/2010\/12\/Tecnicos-de-Intermon-Oxfam-y-de-CIEPO-en-reunion-con-comunitarios-de-Cristobal-300x225.jpg\" alt=\"\" width=\"300\" height=\"225\" \/><\/a><a href=\"http:\/\/ciepo.org\/web\/wp-content\/uploads\/2010\/12\/Tecnicos-de-Intermon-Oxfam-y-de-CIEPO-en-reunion-con-comunitarios-de-Cristobal.jpg\"><\/a><\/p>\n","protected":false},"excerpt":{"rendered":"<p>Importancia de la Gesti\u00f3n de Riegos &nbsp; Rep\u00fablica Dominicana se encuentra expuesta a fen\u00f3menos naturales de car\u00e1cter c\u00edclico. La ocurrencia de huracanes, tornados, ondas tropicales, entre otros, est\u00e1n asociadas a grandes precipitaciones cuyas secuelas impactan de forma directa a grupos sociales vulnerables, as\u00ed como a la producci\u00f3n agr\u00edcola, redes viales e infraestructuras en general. La [&hellip;]<\/p>\n","protected":false},"author":1,"featured_media":0,"parent":5,"menu_order":5,"comment_status":"open","ping_status":"open","template":"page_full.php","meta":{"footnotes":""},"_links":{"self":[{"href":"https:\/\/ciepo.org\/web\/wp-json\/wp\/v2\/pages\/48"}],"collection":[{"href":"https:\/\/ciepo.org\/web\/wp-json\/wp\/v2\/pages"}],"about":[{"href":"https:\/\/ciepo.org\/web\/wp-json\/wp\/v2\/types\/page"}],"author":[{"embeddable":true,"href":"https:\/\/ciepo.org\/web\/wp-json\/wp\/v2\/users\/1"}],"replies":[{"embeddable":true,"href":"https:\/\/ciepo.org\/web\/wp-json\/wp\/v2\/comments?post=48"}],"version-history":[{"count":7,"href":"https:\/\/ciepo.org\/web\/wp-json\/wp\/v2\/pages\/48\/revisions"}],"predecessor-version":[{"id":50,"href":"https:\/\/ciepo.org\/web\/wp-json\/wp\/v2\/pages\/48\/revisions\/50"}],"up":[{"embeddable":true,"href":"https:\/\/ciepo.org\/web\/wp-json\/wp\/v2\/pages\/5"}],"wp:attachment":[{"href":"https:\/\/ciepo.org\/web\/wp-json\/wp\/v2\/media?parent=48"}],"curies":[{"name":"wp","href":"https:\/\/api.w.org\/{rel}","templated":true}]}}