{"id":352,"date":"2021-09-28T15:37:50","date_gmt":"2021-09-28T15:37:50","guid":{"rendered":"https:\/\/ciepo.org\/nbsime\/?page_id=352"},"modified":"2024-11-15T14:53:48","modified_gmt":"2024-11-15T18:53:48","slug":"programas-ciepo","status":"publish","type":"page","link":"https:\/\/ciepo.org\/web\/programas-ciepo\/","title":{"rendered":"PROGRAMAS CIEPO"},"content":{"rendered":"<div class='flex_column av-dil8w-bbcd4c26b228bdcd5051038c3a2a5458 av_one_full  avia-builder-el-0  el_before_av_one_fourth  avia-builder-el-first  first flex_column_div '   ><p>\n<style type=\"text\/css\" data-created_by=\"avia_inline_auto\" id=\"style-css-av-ku48peyf-53da1d8fb2e8e66889a3c3a2b6467630\">\n#top .av-special-heading.av-ku48peyf-53da1d8fb2e8e66889a3c3a2b6467630{\npadding-bottom:10px;\n}\n<\/style>\n<div  class='av-special-heading av-ku48peyf-53da1d8fb2e8e66889a3c3a2b6467630 av-special-heading-h2 blockquote elegant-quote elegant-centered  avia-builder-el-1  el_before_av_hr  avia-builder-el-first  '><h2 class='av-special-heading-tag '  itemprop=\"headline\"  ><span class=\"heading-wrap\">\u00bfCu\u00e1les programas ejecuta CIEPO?<\/span><\/h2><div class='special-heading-border'><div class='special-heading-inner-border'><\/div><\/div><\/div><br \/>\n\n<style type=\"text\/css\" data-created_by=\"avia_inline_auto\" id=\"style-css-av-7y240-125cb0b8848af56fed9b29922c6ddd18\">\n#top .hr.hr-invisible.av-7y240-125cb0b8848af56fed9b29922c6ddd18{\nheight:30px;\n}\n<\/style>\n<div  class='hr av-7y240-125cb0b8848af56fed9b29922c6ddd18 hr-invisible  avia-builder-el-2  el_after_av_heading  avia-builder-el-last  '><span class='hr-inner '><span class=\"hr-inner-style\"><\/span><\/span><\/div><\/p><\/div>\n<div class='flex_column av-sbj7c-8f7642478f16a6b921904f60609bd2f8 av_one_fourth  avia-builder-el-3  el_after_av_one_full  el_before_av_three_fourth  first flex_column_div column-top-margin'   ><div  class='avia-builder-widget-area clearfix  avia-builder-el-4  avia-builder-el-no-sibling '><section id=\"nav_menu-3\" class=\"widget clearfix widget_nav_menu\"><div class=\"menu-menu-side-bar-container\"><ul id=\"menu-menu-side-bar\" class=\"menu\"><li id=\"menu-item-25446\" class=\"menu-item menu-item-type-post_type menu-item-object-page menu-item-25446\"><a href=\"https:\/\/ciepo.org\/web\/quienes-somos-3\/\">\u00bfQUI\u00c9NES SOMOS?<\/a><\/li>\n<li id=\"menu-item-25447\" class=\"menu-item menu-item-type-post_type menu-item-object-page menu-item-25447\"><a href=\"https:\/\/ciepo.org\/web\/evolucion\/\">EVOLUCI\u00d3N<\/a><\/li>\n<li id=\"menu-item-25448\" class=\"menu-item menu-item-type-post_type menu-item-object-page menu-item-25448\"><a href=\"https:\/\/ciepo.org\/web\/estrategia\/\">ESTRATEGIA<\/a><\/li>\n<li id=\"menu-item-25449\" class=\"menu-item menu-item-type-post_type menu-item-object-page menu-item-25449\"><a href=\"https:\/\/ciepo.org\/web\/donde-trabaja-ciepo-2\/\">\u00bfD\u00d3NDE TRABAJA CIEPO?<\/a><\/li>\n<li id=\"menu-item-25450\" class=\"menu-item menu-item-type-post_type menu-item-object-page menu-item-25450\"><a href=\"https:\/\/ciepo.org\/web\/programas-ciepo\/\">PROGRAMAS CIEPO<\/a><\/li>\n<li id=\"menu-item-25451\" class=\"menu-item menu-item-type-post_type menu-item-object-page menu-item-25451\"><a href=\"https:\/\/ciepo.org\/web\/programas-de-desarrollo\/\">PROGRAMAS DE DESARROLLO<\/a><\/li>\n<\/ul><\/div><span class=\"seperator extralight-border\"><\/span><\/section><section id=\"avia_fb_likebox-2\" class=\"widget clearfix avia_fb_likebox\"><h3 class=\"widgettitle\">S\u00edguenos en Facebook<\/h3><div class='av_facebook_widget_wrap ' ><div class=\"fb-page\" data-width=\"500\" data-href=\"https:\/\/www.facebook.com\/ciepoindependencia\/\" data-small-header=\"false\" data-adapt-container-width=\"true\" data-hide-cover=\"false\" data-show-facepile=\"true\" data-show-posts=\"false\"><div class=\"fb-xfbml-parse-ignore\"><\/div><\/div><\/div><span class=\"seperator extralight-border\"><\/span><\/section><section id=\"newsbox-3\" class=\"widget clearfix newsbox\"><h3 class=\"widgettitle\">\u00daltimas noticias<\/h3><ul class=\"news-wrap image_size_widget\"><li class=\"news-content post-format-standard\"><a class='news-link' title='La ONG Espa\u00f1ola CESAL y CIEPO lanzan nuevo programa en 5 municipios de la Regi\u00f3n Enriquillo.' href='https:\/\/ciepo.org\/web\/la-ong-espanola-cesal-y-ciepo-lanzan-nuevo-programa-en-5-municipios-de-la-region-enriquillo\/'><span class='news-thumb '><img loading=\"lazy\" decoding=\"async\" width=\"36\" height=\"36\" src=\"https:\/\/ciepo.org\/web\/wp-content\/uploads\/2022\/10\/IMG-20221003-WA0015-36x36.jpg\" class=\"wp-image-25718 avia-img-lazy-loading-25718 attachment-widget size-widget wp-post-image\" alt=\"\" srcset=\"https:\/\/ciepo.org\/web\/wp-content\/uploads\/2022\/10\/IMG-20221003-WA0015-36x36.jpg 36w, https:\/\/ciepo.org\/web\/wp-content\/uploads\/2022\/10\/IMG-20221003-WA0015-80x80.jpg 80w, https:\/\/ciepo.org\/web\/wp-content\/uploads\/2022\/10\/IMG-20221003-WA0015-180x180.jpg 180w\" sizes=\"(max-width: 36px) 100vw, 36px\" \/><\/span><strong class='news-headline'>La ONG Espa\u00f1ola CESAL y CIEPO lanzan nuevo programa en 5 municipios de la Regi\u00f3n Enriquillo.<span class='news-time'>octubre 3, 2022 - 9:32 am<\/span><\/strong><\/a><\/li><li class=\"news-content post-format-standard\"><a class='news-link' title='CIEPO PREPARA PRIMERA FERIA PROVINCIAL MEDIOAMBIENTAL' href='https:\/\/ciepo.org\/web\/ciepo-prepara-primera-feria-provincial-medioambiental\/'><span class='news-thumb '><img loading=\"lazy\" decoding=\"async\" width=\"36\" height=\"36\" src=\"https:\/\/ciepo.org\/web\/wp-content\/uploads\/2022\/08\/2-36x36.png\" class=\"wp-image-25707 avia-img-lazy-loading-25707 attachment-widget size-widget wp-post-image\" alt=\"\" srcset=\"https:\/\/ciepo.org\/web\/wp-content\/uploads\/2022\/08\/2-36x36.png 36w, https:\/\/ciepo.org\/web\/wp-content\/uploads\/2022\/08\/2-80x80.png 80w, https:\/\/ciepo.org\/web\/wp-content\/uploads\/2022\/08\/2-180x180.png 180w\" sizes=\"(max-width: 36px) 100vw, 36px\" \/><\/span><strong class='news-headline'>CIEPO PREPARA PRIMERA FERIA PROVINCIAL MEDIOAMBIENTAL<span class='news-time'>agosto 12, 2022 - 11:25 am<\/span><\/strong><\/a><\/li><li class=\"news-content post-format-standard\"><a class='news-link' title='CIEPO: SIGUE IMPARTIENDO CHARLAS Y TALLERES SOBRE MANEJO CORRECTO DE LOS RESIDUOS S\u00d3LIDOS Y TECNICA DE RECICLAJE DIRIGIDO A NI\u00d1OS Y NI\u00d1AS.' href='https:\/\/ciepo.org\/web\/ciepo-sigue-impartiendo-charlas-y-talleres-sobre-manejo-correcto-de-los-residuos-solidos-y-tecnica-de-reciclaje\/'><span class='news-thumb no-news-thumb'><\/span><strong class='news-headline'>CIEPO: SIGUE IMPARTIENDO CHARLAS Y TALLERES SOBRE MANEJO CORRECTO DE LOS RESIDUOS S\u00d3LIDOS Y TECNICA DE RECICLAJE DIRIGIDO A NI\u00d1OS Y NI\u00d1AS.<span class='news-time'>junio 23, 2022 - 10:57 am<\/span><\/strong><\/a><\/li><li class=\"news-content post-format-standard\"><a class='news-link' title='CIEPO: APORTE A PRODUCTORES PARA CONSTRUCCION CAMINO INTERPARCELARIO, LOS PINOS \u2013 LOS BOLOS.' href='https:\/\/ciepo.org\/web\/ciepo-aporte-a-productores-para-construccion-camino-interparcelario-los-pinos-los-bolos\/'><span class='news-thumb no-news-thumb'><\/span><strong class='news-headline'>CIEPO: APORTE A PRODUCTORES PARA CONSTRUCCION CAMINO INTERPARCELARIO, LOS PINOS \u2013 LOS BOLOS.<span class='news-time'>junio 23, 2022 - 9:59 am<\/span><\/strong><\/a><\/li><\/ul><span class=\"seperator extralight-border\"><\/span><\/section><\/div><\/div>\n<div class='flex_column av-gzrf4-79fcf6fddceb5cbcda41e512b87894dc av_three_fourth flex_column_div column-top-margin'   ><section class=\"av_textblock_section \"  itemscope=\"itemscope\" itemtype=\"https:\/\/schema.org\/BlogPosting\" itemprop=\"blogPost\" ><div class='avia_textblock  '   itemprop=\"text\" ><h4><span style=\"color: #4c90cd;\"><strong>PROGRAMA ECON\u00d3MICO Y PRODUCTIVO<\/strong><\/span><\/h4>\n<p>Orientado al apoyo de las actividades productivas y empresariales de la poblaci\u00f3n objetivo, teniendo como sus principales componentes: capacitaci\u00f3n empresarial, asesor\u00eda empresarial, asistencia crediticia y asesor\u00eda en organizaci\u00f3n empresarial.<\/p>\n<p><strong><span style=\"color: #99cc00;\">Componente de Cr\u00e9dito:<\/span><\/strong><\/p>\n<p>CIEPO desarrolla desde el a\u00f1o 1995 un Programa de Cr\u00e9dito dirigido a productores y productoras de la Provincia Independencia.\u00a0 Con el micro financiamiento CIEPO propicia el desarrollo y consolidaci\u00f3n de alternativas econ\u00f3micas viables, colectivas e individuales, a grupos organizados de hombres y mujeres.\u00a0 Tambi\u00e9n propiciamos el manejo de forma racional y sostenible de los recursos naturales, a trav\u00e9s del financiamiento de proyectos dirigidos a ese sector.<\/p>\n<p>El Objetivo del cr\u00e9dito es aumentar de manera duradera y sostenible la disponibilidad de Cr\u00e9dito en la zona fronteriza del Lago Enriquillo, en busca de mejorar las capacidades productivas de las familias, incrementar los ingresos, las oportunidades de trabajo, y bajar la presi\u00f3n sobre los recursos naturales.<\/p>\n<p><strong><span style=\"color: #99cc00;\">Seguridad Alimentaria:<\/span><\/strong><\/p>\n<p>Ayuda las familias m\u00e1s vulnerables v\u00edctimas de las inundaciones, deslizamientos, tormentas, ciclones, mediante la puesta en marcha de proyectos productivos de emergencia que rehabilitan la producci\u00f3n agropecuaria en el corto tiempo, garantizando en el corto plazo una distribuci\u00f3n equitativa, solidaria y justa de la producci\u00f3n, a los m\u00e1s afectados.<\/p>\n<h4><strong><span style=\"color: #4c90cd;\">PROGRAMA DE COMUNICACI\u00d3N Y ACCI\u00d3N SOCIAL<\/span><\/strong><\/h4>\n<p>El Programa de Comunicaci\u00f3n y Acci\u00f3n Social, contribuye con el Fortalecimiento Institucional de las organizaciones de base de hombres y mujeres a trav\u00e9s de un proceso socio educativo y sistem\u00e1tico desde una perspectiva de g\u00e9nero, con miras a que asuman con responsabilidad y compromiso su auto- desarrollo.\u00a0\u00a0 Propiciar adem\u00e1s el fortalecimiento del liderazgo de las mujeres y los hombres, a fin de potenciar su participaci\u00f3n, tanto en sus grupos como en la comunidad.<\/p>\n<p><strong><span style=\"color: #99cc00;\">Gesti\u00f3n de Riesgos:<\/span><\/strong><\/p>\n<p>El Componente Gesti\u00f3n de Riegos, tiene como Objetivo General Reducir la vulnerabilidad de la poblaci\u00f3n expuesta a desastres en la cuenca del Lago Enriquillo.<\/p>\n<p>Por razones de car\u00e1cter pr\u00e1ctico y organizativo CIEPO ha estructurado La Red Integral de Gesti\u00f3n de Riesgo (REDI-GR) de car\u00e1cter provincial que atender\u00e1 las zonas vulnerables territorios de los municipios de Duverge, Jiman\u00ed, La Descubierta y Postrer R\u00edos y que cuente con sus propios recursos de equipamiento y operaci\u00f3n.\u00a0 Igualmente, el Comit\u00e9 Municipal de Prevenci\u00f3n de Desastres, en el municipio de La Descubierta.<\/p>\n<p>Durante la incidencia de las Tormentas, Noel, Olga y Ike, que inundaron el municipio de Crist\u00f3bal, por el desbordamiento del Rio Yaque del Sur, en la Laguna de Cabral, CIEPO intervino en dos ocasiones, a trav\u00e9s del Proyecto Agua y Saneamiento, con el financiamiento de Oxfam Internacional.<\/p>\n<\/div><\/section><\/div>\n","protected":false},"excerpt":{"rendered":"","protected":false},"author":2,"featured_media":0,"parent":0,"menu_order":0,"comment_status":"closed","ping_status":"closed","template":"","meta":{"footnotes":""},"_links":{"self":[{"href":"https:\/\/ciepo.org\/web\/wp-json\/wp\/v2\/pages\/352"}],"collection":[{"href":"https:\/\/ciepo.org\/web\/wp-json\/wp\/v2\/pages"}],"about":[{"href":"https:\/\/ciepo.org\/web\/wp-json\/wp\/v2\/types\/page"}],"author":[{"embeddable":true,"href":"https:\/\/ciepo.org\/web\/wp-json\/wp\/v2\/users\/2"}],"replies":[{"embeddable":true,"href":"https:\/\/ciepo.org\/web\/wp-json\/wp\/v2\/comments?post=352"}],"version-history":[{"count":2,"href":"https:\/\/ciepo.org\/web\/wp-json\/wp\/v2\/pages\/352\/revisions"}],"predecessor-version":[{"id":25765,"href":"https:\/\/ciepo.org\/web\/wp-json\/wp\/v2\/pages\/352\/revisions\/25765"}],"wp:attachment":[{"href":"https:\/\/ciepo.org\/web\/wp-json\/wp\/v2\/media?parent=352"}],"curies":[{"name":"wp","href":"https:\/\/api.w.org\/{rel}","templated":true}]}}