{"id":25323,"date":"2021-09-28T15:23:38","date_gmt":"2021-09-28T15:23:38","guid":{"rendered":"https:\/\/ciepo.org\/nbsime\/?page_id=344"},"modified":"2021-09-28T15:23:38","modified_gmt":"2021-09-28T15:23:38","slug":"donde-trabaja-ciepo-2","status":"publish","type":"page","link":"https:\/\/ciepo.org\/web\/donde-trabaja-ciepo-2\/","title":{"rendered":"\u00bfD\u00d3NDE TRABAJA CIEPO?"},"content":{"rendered":"<div class='flex_column av-dhchk-f4f0d2f08542d1187a98c84062908c3d av_one_full  avia-builder-el-0  el_before_av_one_fourth  avia-builder-el-first  first flex_column_div '   ><p>\n<style type=\"text\/css\" data-created_by=\"avia_inline_auto\" id=\"style-css-av-ku48bg3e-12e2e9b88a52dc99e91896a4ca74f5d1\">\n#top .av-special-heading.av-ku48bg3e-12e2e9b88a52dc99e91896a4ca74f5d1{\npadding-bottom:10px;\n}\n<\/style>\n<div  class='av-special-heading av-ku48bg3e-12e2e9b88a52dc99e91896a4ca74f5d1 av-special-heading-h2 blockquote elegant-quote elegant-centered  avia-builder-el-1  el_before_av_hr  avia-builder-el-first  '><h2 class='av-special-heading-tag '  itemprop=\"headline\"  ><span class=\"heading-wrap\">\u00bfD\u00f3nde trabaja CIEPO?<\/span><\/h2><div class='special-heading-border'><div class='special-heading-inner-border'><\/div><\/div><\/div><br \/>\n\n<style type=\"text\/css\" data-created_by=\"avia_inline_auto\" id=\"style-css-av-7dglc-7b57f5cbbcdc6725f4683f9acdf0cacd\">\n#top .hr.hr-invisible.av-7dglc-7b57f5cbbcdc6725f4683f9acdf0cacd{\nheight:30px;\n}\n<\/style>\n<div  class='hr av-7dglc-7b57f5cbbcdc6725f4683f9acdf0cacd hr-invisible  avia-builder-el-2  el_after_av_heading  avia-builder-el-last  '><span class='hr-inner '><span class=\"hr-inner-style\"><\/span><\/span><\/div><\/p><\/div><div class='flex_column av-av_one_fourth-d846867a37b468541bc8830743d44203 av_one_fourth  avia-builder-el-3  el_after_av_one_full  el_before_av_three_fourth  first flex_column_div column-top-margin'   ><div  class='avia-builder-widget-area clearfix  avia-builder-el-4  avia-builder-el-no-sibling '><section id=\"nav_menu-3\" class=\"widget clearfix widget_nav_menu\"><div class=\"menu-menu-side-bar-container\"><ul id=\"menu-menu-side-bar\" class=\"menu\"><li id=\"menu-item-25446\" class=\"menu-item menu-item-type-post_type menu-item-object-page menu-item-25446\"><a href=\"https:\/\/ciepo.org\/web\/quienes-somos-3\/\">\u00bfQUI\u00c9NES SOMOS?<\/a><\/li>\n<li id=\"menu-item-25447\" class=\"menu-item menu-item-type-post_type menu-item-object-page menu-item-25447\"><a href=\"https:\/\/ciepo.org\/web\/evolucion\/\">EVOLUCI\u00d3N<\/a><\/li>\n<li id=\"menu-item-25448\" class=\"menu-item menu-item-type-post_type menu-item-object-page menu-item-25448\"><a href=\"https:\/\/ciepo.org\/web\/estrategia\/\">ESTRATEGIA<\/a><\/li>\n<li id=\"menu-item-25449\" class=\"menu-item menu-item-type-post_type menu-item-object-page menu-item-25449\"><a href=\"https:\/\/ciepo.org\/web\/donde-trabaja-ciepo-2\/\">\u00bfD\u00d3NDE TRABAJA CIEPO?<\/a><\/li>\n<li id=\"menu-item-25450\" class=\"menu-item menu-item-type-post_type menu-item-object-page menu-item-25450\"><a href=\"https:\/\/ciepo.org\/web\/programas-ciepo\/\">PROGRAMAS CIEPO<\/a><\/li>\n<li id=\"menu-item-25451\" class=\"menu-item menu-item-type-post_type menu-item-object-page menu-item-25451\"><a href=\"https:\/\/ciepo.org\/web\/programas-de-desarrollo\/\">PROGRAMAS DE DESARROLLO<\/a><\/li>\n<\/ul><\/div><span class=\"seperator extralight-border\"><\/span><\/section><section id=\"avia_fb_likebox-2\" class=\"widget clearfix avia_fb_likebox\"><h3 class=\"widgettitle\">S\u00edguenos en Facebook<\/h3><div class='av_facebook_widget_wrap ' ><div class=\"fb-page\" data-width=\"500\" data-href=\"https:\/\/www.facebook.com\/ciepoindependencia\/\" data-small-header=\"false\" data-adapt-container-width=\"true\" data-hide-cover=\"false\" data-show-facepile=\"true\" data-show-posts=\"false\"><div class=\"fb-xfbml-parse-ignore\"><\/div><\/div><\/div><span class=\"seperator extralight-border\"><\/span><\/section><section id=\"newsbox-3\" class=\"widget clearfix newsbox\"><h3 class=\"widgettitle\">\u00daltimas noticias<\/h3><ul class=\"news-wrap image_size_widget\"><li class=\"news-content post-format-standard\"><a class='news-link' title='La ONG Espa\u00f1ola CESAL y CIEPO lanzan nuevo programa en 5 municipios de la Regi\u00f3n Enriquillo.' href='https:\/\/ciepo.org\/web\/la-ong-espanola-cesal-y-ciepo-lanzan-nuevo-programa-en-5-municipios-de-la-region-enriquillo\/'><span class='news-thumb '><img loading=\"lazy\" decoding=\"async\" width=\"36\" height=\"36\" src=\"https:\/\/ciepo.org\/web\/wp-content\/uploads\/2022\/10\/IMG-20221003-WA0015-36x36.jpg\" class=\"wp-image-25718 avia-img-lazy-loading-25718 attachment-widget size-widget wp-post-image\" alt=\"\" srcset=\"https:\/\/ciepo.org\/web\/wp-content\/uploads\/2022\/10\/IMG-20221003-WA0015-36x36.jpg 36w, https:\/\/ciepo.org\/web\/wp-content\/uploads\/2022\/10\/IMG-20221003-WA0015-80x80.jpg 80w, https:\/\/ciepo.org\/web\/wp-content\/uploads\/2022\/10\/IMG-20221003-WA0015-180x180.jpg 180w\" sizes=\"(max-width: 36px) 100vw, 36px\" \/><\/span><strong class='news-headline'>La ONG Espa\u00f1ola CESAL y CIEPO lanzan nuevo programa en 5 municipios de la Regi\u00f3n Enriquillo.<span class='news-time'>octubre 3, 2022 - 9:32 am<\/span><\/strong><\/a><\/li><li class=\"news-content post-format-standard\"><a class='news-link' title='CIEPO PREPARA PRIMERA FERIA PROVINCIAL MEDIOAMBIENTAL' href='https:\/\/ciepo.org\/web\/ciepo-prepara-primera-feria-provincial-medioambiental\/'><span class='news-thumb '><img loading=\"lazy\" decoding=\"async\" width=\"36\" height=\"36\" src=\"https:\/\/ciepo.org\/web\/wp-content\/uploads\/2022\/08\/2-36x36.png\" class=\"wp-image-25707 avia-img-lazy-loading-25707 attachment-widget size-widget wp-post-image\" alt=\"\" srcset=\"https:\/\/ciepo.org\/web\/wp-content\/uploads\/2022\/08\/2-36x36.png 36w, https:\/\/ciepo.org\/web\/wp-content\/uploads\/2022\/08\/2-80x80.png 80w, https:\/\/ciepo.org\/web\/wp-content\/uploads\/2022\/08\/2-180x180.png 180w\" sizes=\"(max-width: 36px) 100vw, 36px\" \/><\/span><strong class='news-headline'>CIEPO PREPARA PRIMERA FERIA PROVINCIAL MEDIOAMBIENTAL<span class='news-time'>agosto 12, 2022 - 11:25 am<\/span><\/strong><\/a><\/li><li class=\"news-content post-format-standard\"><a class='news-link' title='CIEPO: SIGUE IMPARTIENDO CHARLAS Y TALLERES SOBRE MANEJO CORRECTO DE LOS RESIDUOS S\u00d3LIDOS Y TECNICA DE RECICLAJE DIRIGIDO A NI\u00d1OS Y NI\u00d1AS.' href='https:\/\/ciepo.org\/web\/ciepo-sigue-impartiendo-charlas-y-talleres-sobre-manejo-correcto-de-los-residuos-solidos-y-tecnica-de-reciclaje\/'><span class='news-thumb no-news-thumb'><\/span><strong class='news-headline'>CIEPO: SIGUE IMPARTIENDO CHARLAS Y TALLERES SOBRE MANEJO CORRECTO DE LOS RESIDUOS S\u00d3LIDOS Y TECNICA DE RECICLAJE DIRIGIDO A NI\u00d1OS Y NI\u00d1AS.<span class='news-time'>junio 23, 2022 - 10:57 am<\/span><\/strong><\/a><\/li><li class=\"news-content post-format-standard\"><a class='news-link' title='CIEPO: APORTE A PRODUCTORES PARA CONSTRUCCION CAMINO INTERPARCELARIO, LOS PINOS \u2013 LOS BOLOS.' href='https:\/\/ciepo.org\/web\/ciepo-aporte-a-productores-para-construccion-camino-interparcelario-los-pinos-los-bolos\/'><span class='news-thumb no-news-thumb'><\/span><strong class='news-headline'>CIEPO: APORTE A PRODUCTORES PARA CONSTRUCCION CAMINO INTERPARCELARIO, LOS PINOS \u2013 LOS BOLOS.<span class='news-time'>junio 23, 2022 - 9:59 am<\/span><\/strong><\/a><\/li><\/ul><span class=\"seperator extralight-border\"><\/span><\/section><\/div><\/div><div class='flex_column av-av_three_fourth-337486787960716147ecfb4074cb91c6 av_three_fourth flex_column_div column-top-margin'   ><section class=\"av_textblock_section \"  itemscope=\"itemscope\" itemtype=\"https:\/\/schema.org\/BlogPosting\" itemprop=\"blogPost\" ><div class='avia_textblock  '   itemprop=\"text\" ><p><span style=\"color: #000000;\">El trabajo de acompa\u00f1amiento de CIEPO se concentra espec\u00edficamente en varias comunidades de la Provincia Independencia, zona fronteriza del pa\u00eds con Hait\u00ed.\u00a0 En este momento trabajamos en los siguientes municipios: La Descubierta, Postrer R\u00edo, y Jiman\u00ed, y sus respectivos secciones y parajes.<\/span><\/p>\n<p><span style=\"color: #000000;\">Pero se proyecta en el corto y mediano plazo ampliarnos a trabajar en toda la Provincia Independencia y en sus alrededores como: los bateyes No. 7, 8, 9 y 10, Duverge, Vengan a Ver, Puerto Escondido, Las Baitoas, Crist\u00f3bal, Mella, y El Lim\u00f3n.<\/span><\/p>\n<p><span style=\"color: #000000;\">En la Provincia de Bahoruco realizamos trabajos puntuales de intermediaci\u00f3n y acompa\u00f1amiento, espec\u00edficamente en las comunidades rurales de los municipios de Los R\u00edos y Villa Jaragua.<\/span><\/p>\n<\/div><\/section><\/div><\/p>\n","protected":false},"excerpt":{"rendered":"","protected":false},"author":2,"featured_media":0,"parent":0,"menu_order":0,"comment_status":"closed","ping_status":"closed","template":"","meta":{"footnotes":""},"_links":{"self":[{"href":"https:\/\/ciepo.org\/web\/wp-json\/wp\/v2\/pages\/25323"}],"collection":[{"href":"https:\/\/ciepo.org\/web\/wp-json\/wp\/v2\/pages"}],"about":[{"href":"https:\/\/ciepo.org\/web\/wp-json\/wp\/v2\/types\/page"}],"author":[{"embeddable":true,"href":"https:\/\/ciepo.org\/web\/wp-json\/wp\/v2\/users\/2"}],"replies":[{"embeddable":true,"href":"https:\/\/ciepo.org\/web\/wp-json\/wp\/v2\/comments?post=25323"}],"version-history":[{"count":0,"href":"https:\/\/ciepo.org\/web\/wp-json\/wp\/v2\/pages\/25323\/revisions"}],"wp:attachment":[{"href":"https:\/\/ciepo.org\/web\/wp-json\/wp\/v2\/media?parent=25323"}],"curies":[{"name":"wp","href":"https:\/\/api.w.org\/{rel}","templated":true}]}}

¿DÓNDE TRABAJA CIEPO?

<div class='flex_column av-dhchk-f4f0d2f08542d1187a98c84062908c3d av_one_full  avia-builder-el-0  el_before_av_one_fourth  avia-builder-el-first  first flex_column_div '   ><p>
<style type="text/css" data-created_by="avia_inline_auto" id="style-css-av-ku48bg3e-12e2e9b88a52dc99e91896a4ca74f5d1">
#top .av-special-heading.av-ku48bg3e-12e2e9b88a52dc99e91896a4ca74f5d1{
padding-bottom:10px;
}
</style>
<div  class='av-special-heading av-ku48bg3e-12e2e9b88a52dc99e91896a4ca74f5d1 av-special-heading-h2 blockquote elegant-quote elegant-centered  avia-builder-el-1  el_before_av_hr  avia-builder-el-first  '><h2 class='av-special-heading-tag '  itemprop="headline"  ><span class="heading-wrap">¿Dónde trabaja CIEPO?</span></h2><div class='special-heading-border'><div class='special-heading-inner-border'></div></div></div><br />

<style type="text/css" data-created_by="avia_inline_auto" id="style-css-av-7dglc-7b57f5cbbcdc6725f4683f9acdf0cacd">
#top .hr.hr-invisible.av-7dglc-7b57f5cbbcdc6725f4683f9acdf0cacd{
height:30px;
}
</style>
<div  class='hr av-7dglc-7b57f5cbbcdc6725f4683f9acdf0cacd hr-invisible  avia-builder-el-2  el_after_av_heading  avia-builder-el-last  '><span class='hr-inner '><span class="hr-inner-style"></span></span></div></p></div><div class='flex_column av-av_one_fourth-d846867a37b468541bc8830743d44203 av_one_fourth  avia-builder-el-3  el_after_av_one_full  el_before_av_three_fourth  first flex_column_div column-top-margin'   ><div  class='avia-builder-widget-area clearfix  avia-builder-el-4  avia-builder-el-no-sibling '><section id="nav_menu-3" class="widget clearfix widget_nav_menu"><div class="menu-menu-side-bar-container"><ul id="menu-menu-side-bar" class="menu"><li id="menu-item-25446" class="menu-item menu-item-type-post_type menu-item-object-page menu-item-25446"><a href="https://ciepo.org/web/quienes-somos-3/">¿QUIÉNES SOMOS?</a></li>
<li id="menu-item-25447" class="menu-item menu-item-type-post_type menu-item-object-page menu-item-25447"><a href="https://ciepo.org/web/evolucion/">EVOLUCIÓN</a></li>
<li id="menu-item-25448" class="menu-item menu-item-type-post_type menu-item-object-page menu-item-25448"><a href="https://ciepo.org/web/estrategia/">ESTRATEGIA</a></li>
<li id="menu-item-25449" class="menu-item menu-item-type-post_type menu-item-object-page menu-item-25449"><a href="https://ciepo.org/web/donde-trabaja-ciepo-2/">¿DÓNDE TRABAJA CIEPO?</a></li>
<li id="menu-item-25450" class="menu-item menu-item-type-post_type menu-item-object-page menu-item-25450"><a href="https://ciepo.org/web/programas-ciepo/">PROGRAMAS CIEPO</a></li>
<li id="menu-item-25451" class="menu-item menu-item-type-post_type menu-item-object-page menu-item-25451"><a href="https://ciepo.org/web/programas-de-desarrollo/">PROGRAMAS DE DESARROLLO</a></li>
</ul></div><span class="seperator extralight-border"></span></section><section id="avia_fb_likebox-2" class="widget clearfix avia_fb_likebox"><h3 class="widgettitle">Síguenos en Facebook</h3><div class='av_facebook_widget_wrap ' ><div class="fb-page" data-width="500" data-href="https://www.facebook.com/ciepoindependencia/" data-small-header="false" data-adapt-container-width="true" data-hide-cover="false" data-show-facepile="true" data-show-posts="false"><div class="fb-xfbml-parse-ignore"></div></div></div><span class="seperator extralight-border"></span></section><section id="newsbox-3" class="widget clearfix newsbox"><h3 class="widgettitle">Últimas noticias</h3><ul class="news-wrap image_size_widget"><li class="news-content post-format-standard"><a class='news-link' title='La ONG Española CESAL y CIEPO lanzan nuevo programa en 5 municipios de la Región Enriquillo.' href='https://ciepo.org/web/la-ong-espanola-cesal-y-ciepo-lanzan-nuevo-programa-en-5-municipios-de-la-region-enriquillo/'><span class='news-thumb '><img loading="lazy" decoding="async" width="36" height="36" src="https://ciepo.org/web/wp-content/uploads/2022/10/IMG-20221003-WA0015-36x36.jpg" class="wp-image-25718 avia-img-lazy-loading-25718 attachment-widget size-widget wp-post-image" alt="" srcset="https://ciepo.org/web/wp-content/uploads/2022/10/IMG-20221003-WA0015-36x36.jpg 36w, https://ciepo.org/web/wp-content/uploads/2022/10/IMG-20221003-WA0015-80x80.jpg 80w, https://ciepo.org/web/wp-content/uploads/2022/10/IMG-20221003-WA0015-180x180.jpg 180w" sizes="(max-width: 36px) 100vw, 36px" /></span><strong class='news-headline'>La ONG Española CESAL y CIEPO lanzan nuevo programa en 5 municipios de la Región Enriquillo.<span class='news-time'>octubre 3, 2022 - 9:32 am</span></strong></a></li><li class="news-content post-format-standard"><a class='news-link' title='CIEPO PREPARA PRIMERA FERIA PROVINCIAL MEDIOAMBIENTAL' href='https://ciepo.org/web/ciepo-prepara-primera-feria-provincial-medioambiental/'><span class='news-thumb '><img loading="lazy" decoding="async" width="36" height="36" src="https://ciepo.org/web/wp-content/uploads/2022/08/2-36x36.png" class="wp-image-25707 avia-img-lazy-loading-25707 attachment-widget size-widget wp-post-image" alt="" srcset="https://ciepo.org/web/wp-content/uploads/2022/08/2-36x36.png 36w, https://ciepo.org/web/wp-content/uploads/2022/08/2-80x80.png 80w, https://ciepo.org/web/wp-content/uploads/2022/08/2-180x180.png 180w" sizes="(max-width: 36px) 100vw, 36px" /></span><strong class='news-headline'>CIEPO PREPARA PRIMERA FERIA PROVINCIAL MEDIOAMBIENTAL<span class='news-time'>agosto 12, 2022 - 11:25 am</span></strong></a></li><li class="news-content post-format-standard"><a class='news-link' title='CIEPO: SIGUE IMPARTIENDO CHARLAS Y TALLERES SOBRE MANEJO CORRECTO DE LOS RESIDUOS SÓLIDOS Y TECNICA DE RECICLAJE DIRIGIDO A NIÑOS Y NIÑAS.' href='https://ciepo.org/web/ciepo-sigue-impartiendo-charlas-y-talleres-sobre-manejo-correcto-de-los-residuos-solidos-y-tecnica-de-reciclaje/'><span class='news-thumb no-news-thumb'></span><strong class='news-headline'>CIEPO: SIGUE IMPARTIENDO CHARLAS Y TALLERES SOBRE MANEJO CORRECTO DE LOS RESIDUOS SÓLIDOS Y TECNICA DE RECICLAJE DIRIGIDO A NIÑOS Y NIÑAS.<span class='news-time'>junio 23, 2022 - 10:57 am</span></strong></a></li><li class="news-content post-format-standard"><a class='news-link' title='CIEPO: APORTE A PRODUCTORES PARA CONSTRUCCION CAMINO INTERPARCELARIO, LOS PINOS – LOS BOLOS.' href='https://ciepo.org/web/ciepo-aporte-a-productores-para-construccion-camino-interparcelario-los-pinos-los-bolos/'><span class='news-thumb no-news-thumb'></span><strong class='news-headline'>CIEPO: APORTE A PRODUCTORES PARA CONSTRUCCION CAMINO INTERPARCELARIO, LOS PINOS – LOS BOLOS.<span class='news-time'>junio 23, 2022 - 9:59 am</span></strong></a></li></ul><span class="seperator extralight-border"></span></section></div></div><div class='flex_column av-av_three_fourth-337486787960716147ecfb4074cb91c6 av_three_fourth flex_column_div column-top-margin'   ><section class="av_textblock_section "  itemscope="itemscope" itemtype="https://schema.org/BlogPosting" itemprop="blogPost" ><div class='avia_textblock  '   itemprop="text" ><p><span style="color: #000000;">El trabajo de acompañamiento de CIEPO se concentra específicamente en varias comunidades de la Provincia Independencia, zona fronteriza del país con Haití.  En este momento trabajamos en los siguientes municipios: La Descubierta, Postrer Río, y Jimaní, y sus respectivos secciones y parajes.</span></p>
<p><span style="color: #000000;">Pero se proyecta en el corto y mediano plazo ampliarnos a trabajar en toda la Provincia Independencia y en sus alrededores como: los bateyes No. 7, 8, 9 y 10, Duverge, Vengan a Ver, Puerto Escondido, Las Baitoas, Cristóbal, Mella, y El Limón.</span></p>
<p><span style="color: #000000;">En la Provincia de Bahoruco realizamos trabajos puntuales de intermediación y acompañamiento, específicamente en las comunidades rurales de los municipios de Los Ríos y Villa Jaragua.</span></p>
</div></section></div></p>
