{"id":25040,"date":"2020-05-25T13:20:17","date_gmt":"2020-05-25T17:20:17","guid":{"rendered":"http:\/\/ciepo.org\/web\/?page_id=25040"},"modified":"2020-05-25T13:23:45","modified_gmt":"2020-05-25T17:23:45","slug":"evolucion-del-ciepo","status":"publish","type":"page","link":"https:\/\/ciepo.org\/web\/evolucion-del-ciepo\/","title":{"rendered":"EVOLUCI\u00d3N DEL CIEPO"},"content":{"rendered":"<p>[vc_row][vc_column][vc_column_text]<span style=\"color: #000000;\">Luego de m\u00e1s de 30 a\u00f1os de trabajo, el fortalecimiento institucional de CIEPO ha sido evidente, por su presencia ininterrumpida, el mantenimiento a los principios originales, su cada vez m\u00e1s fuerte estructura funcional, y el reconocimiento de varias instituciones p\u00fablicas, privadas (nacionales e internacionales), que han sido soporte en la ejecuci\u00f3n de cada una de las acciones desarrolladas a lo largo de todo este tiempo, hasta convertirse al d\u00eda de hoy, es la Instituci\u00f3n L\u00edder de la Provincia Independencia, por su condici\u00f3n de ser local al igual que sus integrantes, t\u00e9cnicos, voluntarios y personal operativo que le sirven de soporte.&nbsp; Su trabajo est\u00e1 dirigido al acompa\u00f1amiento de los grupos de base (Hombres y Mujeres) de la Provincia Independencia.<\/span><\/p>\n<p><span style=\"color: #000000;\">Hemos afianzado nuestro trabajo, no solo a comunidades de la Provincia Independencia, sino que hemos asumido la ejecuci\u00f3n de proyectos en los que han participado comunidades de&nbsp;<strong>Bahoruco (Villa Jaragua y Los R\u00edos).<\/strong><\/span><\/p>\n<p><span style=\"color: #000000;\"><strong>CIEPO se ha especializado en la en la tem\u00e1tica de Genero<\/strong>&nbsp;y sobre todo en trabajos con mujeres;&nbsp;<strong>Gesti\u00f3n del Riesgo<\/strong>; en la gesti\u00f3n de cr\u00e9dito hacia sectores productivos de la provincia Independencia y Bahoruco; en el apoyo a una&nbsp;<strong>educaci\u00f3n p\u00fablica de calidad<\/strong>, siendo receptora y mediadora de cuantiosos millones de pesos provenientes de la cooperaci\u00f3n internacional en la zona y del gobierno.<\/span><\/p>\n<p><span style=\"color: #000000;\">CIEPO ha asumido el compromiso voluntario de seguir trabajando a favor de la elevaci\u00f3n de los niveles de conciencia de los sectores sociales m\u00e1s empobrecidos y en condiciones de vulnerabilidad varios municipios y comunidades de la Provincia Independencia.<\/span><\/p>\n<p><span style=\"color: #000000;\">Durante su fundaci\u00f3n, CIEPO ha acompa\u00f1ado y asesorado a los diversos y variados procesos de desarrollo integrales en varias comunidades de la Provincia Independencia, desde la perspectiva popular comunitaria y metodolog\u00eda de desarrollo integral de comunidades de la zona<\/span><\/p>\n<p><span style=\"color: #000000;\">Ha sido y sigue siendo preocupaci\u00f3n fundamental de CIEPO el dotar a estos sectores, grupos de base conformados por campesinos\/as y productores rurales peque\u00f1os\/as negociantes o personas con potencial para desarrollar microempresas, herramientas educativas, de organizaci\u00f3n y t\u00e9cnicas que les sirvan para hacer m\u00e1s llevadera su existencia&nbsp;y con conciencia para luchar por superar la dependencia, el atraso y la pobreza.<\/span><\/p>\n<p><span style=\"color: #000000;\">En esta l\u00ednea se plantean y ejecutan actividades de apoyo al trabajo productivo de los grupos campesinos y personas con ideas claras de lo que quieren producir o servicios que puedan ofertar, a fin de que estas actividades contribuyan al fortalecimiento de los grupos de base, crecimiento econ\u00f3mico, a la generaci\u00f3n de ingresos y mejoramiento de las condiciones de vida para las familias campesinas.<\/span>[\/vc_column_text][\/vc_column][\/vc_row]<\/p>\n","protected":false},"excerpt":{"rendered":"<p>[vc_row][vc_column][vc_column_text]Luego de m\u00e1s de 30 a\u00f1os de trabajo, el fortalecimiento institucional de CIEPO ha sido evidente, por su presencia ininterrumpida, el mantenimiento a los principios originales, su cada vez m\u00e1s fuerte estructura funcional, y el reconocimiento de varias instituciones p\u00fablicas, privadas (nacionales e internacionales), que han sido soporte en la ejecuci\u00f3n de cada una de [&hellip;]<\/p>\n","protected":false},"author":2,"featured_media":0,"parent":0,"menu_order":0,"comment_status":"closed","ping_status":"closed","template":"","meta":{"footnotes":""},"_links":{"self":[{"href":"https:\/\/ciepo.org\/web\/wp-json\/wp\/v2\/pages\/25040"}],"collection":[{"href":"https:\/\/ciepo.org\/web\/wp-json\/wp\/v2\/pages"}],"about":[{"href":"https:\/\/ciepo.org\/web\/wp-json\/wp\/v2\/types\/page"}],"author":[{"embeddable":true,"href":"https:\/\/ciepo.org\/web\/wp-json\/wp\/v2\/users\/2"}],"replies":[{"embeddable":true,"href":"https:\/\/ciepo.org\/web\/wp-json\/wp\/v2\/comments?post=25040"}],"version-history":[{"count":2,"href":"https:\/\/ciepo.org\/web\/wp-json\/wp\/v2\/pages\/25040\/revisions"}],"predecessor-version":[{"id":25042,"href":"https:\/\/ciepo.org\/web\/wp-json\/wp\/v2\/pages\/25040\/revisions\/25042"}],"wp:attachment":[{"href":"https:\/\/ciepo.org\/web\/wp-json\/wp\/v2\/media?parent=25040"}],"curies":[{"name":"wp","href":"https:\/\/api.w.org\/{rel}","templated":true}]}}