{"id":24,"date":"2010-12-13T14:57:25","date_gmt":"2010-12-13T18:57:25","guid":{"rendered":"http:\/\/ciepo.org\/web\/?page_id=24"},"modified":"2019-11-05T09:14:44","modified_gmt":"2019-11-05T13:14:44","slug":"organigrama","status":"publish","type":"page","link":"https:\/\/ciepo.org\/web\/nosotros\/organigrama\/","title":{"rendered":"Organigrama"},"content":{"rendered":"<p style=\"text-align: center;\"><strong>ORGANIGRAMA DEL CENTRO DE INVESTIGACI\u00d3N Y EDUCACI\u00d3N POPULAR<br \/>\n(CIEPO)<\/strong><\/p>\n<p style=\"text-align: center;\"><strong><a href=\"http:\/\/ciepo.org\/web\/wp-content\/uploads\/2010\/12\/organigrama.jpg\"><img loading=\"lazy\" decoding=\"async\" class=\"alignnone size-full wp-image-162\" title=\"organigrama\" src=\"http:\/\/ciepo.org\/web\/wp-content\/uploads\/2010\/12\/organigrama.jpg\" alt=\"\" width=\"771\" height=\"499\" srcset=\"https:\/\/ciepo.org\/web\/wp-content\/uploads\/2010\/12\/organigrama.jpg 771w, https:\/\/ciepo.org\/web\/wp-content\/uploads\/2010\/12\/organigrama-300x194.jpg 300w\" sizes=\"(max-width: 771px) 100vw, 771px\" \/><\/a><\/strong><\/p>\n<p style=\"text-align: center;\">\n<p><strong>Asamblea General<\/strong><\/p>\n<p>De acuerdo lo estipulan los estatutos, la Asamblea General es el m\u00e1ximo organismo de decisi\u00f3n de CIEPO. Elige cada dos a\u00f1os una Junta Directiva y aprueba los informes financieros. Se re\u00fane dos veces al a\u00f1o por convocatoria de la Junta Directiva. La Asamblea est\u00e1 conformada por l\u00edderes comunitarios, dirigentes de organizaciones de base y personalidades respetables de la provincia que han tenido alg\u00fan tipo de vinculaci\u00f3n con la instituci\u00f3n.&nbsp;<\/p>\n<p><strong>&nbsp;<\/strong><strong>Junta Directiva<\/strong><\/p>\n<p>Tiene la responsabilidad de conducir el destino y las operaciones de CIEPO durante su tiempo de permanencia. Se re\u00fane mensualmente de forma ordinaria y cuantas veces lo crea necesario de manera extraordinaria. La conforman un:<\/p>\n<p><strong>&nbsp;<\/strong>-Presidente\/a<\/p>\n<p>-Vice-Presidente<\/p>\n<p>-Secretario\/a<\/p>\n<p>-Tesorero\/a<\/p>\n<p>-Primer Vocal<\/p>\n<p>-Segundo Vocal<\/p>\n<p>-Tercer Vocal<\/p>\n<p><strong>&nbsp;<\/strong><strong>Consejo de Directores<\/strong><\/p>\n<p>Analizar y tomar decisiones<\/p>\n<p><strong>&nbsp;<\/strong><strong>Director Ejecutivo<\/strong><\/p>\n<p>Ejecuta las pol\u00edticas y estrategias institucionales por encargo de la Junta Directiva,&nbsp; quien lo contrata por un periodo determinado, para que cumpla el Plan Operativo Anual (POA) y para que haga operativas las decisiones.<\/p>\n<p><strong>1)&nbsp; <\/strong><strong>Programa Econ\u00f3mico y Productivo<\/strong><\/p>\n<p>En este programa se ejecutan proyectos agropecuarios y medio ambientales orientados a la autosuficiencia y al desarrollo integral de los hombres y mujeres con los que Ciepo trabaja. Promueve el mejoramiento de condiciones y la calidad de vida de la poblaci\u00f3n rural pobre y sus unidades son: De cr\u00e9dito y T\u00e9cnica de Proyectos.<\/p>\n<ul>\n<li><strong>&nbsp;<\/strong><strong>Unidad de Cr\u00e9dito<\/strong><\/li>\n<\/ul>\n<p>Garantizar acceso al cr\u00e9dito blando para los microempresarios\/as sin acceso a la banca formal y contribuir a la sostenibilidad y crecimiento de sus microempresas. Ciepo orienta su cr\u00e9dito para facilitar la adquisici\u00f3n de herramientas y equipos que les permita mejorar su microempresa. El impacto final ser\u00e1 mejorar la econom\u00eda familiar, la cual se ve deteriorada por la falta de empleos dignos.<\/p>\n<ul>\n<li><strong>&nbsp;<\/strong><strong>Unidad T\u00e9cnica de Proyecto<\/strong><\/li>\n<\/ul>\n<p>Acompa\u00f1a a los grupos de base en la ejecuci\u00f3n de proyectos de car\u00e1cter agropecuario, medioambiental y de generaci\u00f3n de ingresos. Se involucra en diferentes aspectos de la ejecuci\u00f3n de proyecto, desde el levantamiento de infraestructuras hasta la constituci\u00f3n y acompa\u00f1amiento de organizaciones de car\u00e1cter empresarial.&nbsp;<\/p>\n<p><strong>2)&nbsp; <\/strong><strong>Programa de Capacitaci\u00f3n y Acci\u00f3n Social<\/strong><\/p>\n<p>Es un programa que contribuye al desarrollo de las comunidades y sus organizaciones de base, mediante la ejecuci\u00f3n de proyectos de car\u00e1cter social, el fortalecimiento organizativo, la participaci\u00f3n ciudadana y la incidencia p\u00fablica. Este programa cuenta con las unidades de Comunicaci\u00f3n, de Capacitaci\u00f3n y Organizaci\u00f3n Comunitaria y de Gesti\u00f3n de Riesgos.<\/p>\n<ul>\n<li><strong>Unidad de Organizaci\u00f3n Comunitaria<\/strong><\/li>\n<\/ul>\n<p>Generar capacidades en la poblaci\u00f3n, haciendo \u00e9nfasis en las organizaciones de base, para fortalecer el nivel de participaci\u00f3n ciudadana e incidencia con equidad de g\u00e9nero, contribuyendo de esa forma al desarrollo local y a la transformaci\u00f3n social.<\/p>\n<p>Organiza actividades y ejecuta proyectos de naturaleza social en las \u00e1reas de g\u00e9nero, participaci\u00f3n ciudadana, organizaci\u00f3n social, planificaci\u00f3n, desarrollo local, organizaci\u00f3n juvenil, entre otras.<\/p>\n<ul>\n<li><strong>Unidad de Gesti\u00f3n de Riesgo<\/strong><\/li>\n<\/ul>\n<p>La Unidad de Gesti\u00f3n de Riesgos apoyada en la Red Integral de Gesti\u00f3n de Riesgos (Redi), constituida por decenas de j\u00f3venes que se han especializado en el tema.<\/p>\n<p>El objetivo de esta Unidad es, acompa\u00f1ar los esfuerzos comunitarios en la lucha contra la pobreza y en la construcci\u00f3n de un desarrollo humano sostenible, desde una perspectiva de reducci\u00f3n de las vulnerabilidades socio ambientales, desde un enfoque de equidad de g\u00e9nero.<\/p>\n<p>La Unidad de Gesti\u00f3n de Riesgo trabaja en los siguientes niveles: <em>Buscando cambios en ideas y creencias<\/em>, a trav\u00e9s de actividades de capacitaci\u00f3n, sensibilizaci\u00f3n con pobladores y organizaciones sociales que incrementen la capacidad de preparaci\u00f3n comunitaria ante desastres.<\/p>\n<p><em>Buscando cambios en pr\u00e1cticas<\/em>, fortaleciendo las capacidades de las instituciones gubernamentales y de socorro y de organizaciones de la sociedad civil que trabajan el tema de gesti\u00f3n de riesgos.<\/p>\n<p>Involucr\u00e1ndose en este tema, CIEPO busca adem\u00e1s contribuir para la construcci\u00f3n de una cultura de gesti\u00f3n de Riego en la zona, priorizando la organizaci\u00f3n de las comunidades, revirtiendo los niveles de vulnerabilidad.<\/p>\n<p>A lo largo de estos cinco a\u00f1os,&nbsp; El CIEPO, a trav\u00e9s de su Programa de Capacitaci\u00f3n y Acci\u00f3n Social, ha ejecutado varios proyectos, tanto de Seguridad Alimentaria, como de Sensibilizaci\u00f3n en Gesti\u00f3n de Riesgos, con resultados que son evidentes.<\/p>\n<ul>\n<li><strong>Unidad de Comunicaci\u00f3n<\/strong><\/li>\n<\/ul>\n<p>Su funci\u00f3n es la de servir de canal a las comunidades y sus organizaciones de base para transmitir sus inquietudes, logros y necesidades a los distintos medios de comunicaci\u00f3n y a las instituciones p\u00fablicas. Adem\u00e1s, para dar a conocer las mejores practicas en el campo del desarrollo rural, participar en foros, conferencias, seminarios y otros eventos que contribuyan con el reforzamiento del relacionamiento institucional.<\/p>\n","protected":false},"excerpt":{"rendered":"<p>ORGANIGRAMA DEL CENTRO DE INVESTIGACI\u00d3N Y EDUCACI\u00d3N POPULAR (CIEPO) Asamblea General De acuerdo lo estipulan los estatutos, la Asamblea General es el m\u00e1ximo organismo de decisi\u00f3n de CIEPO. Elige cada dos a\u00f1os una Junta Directiva y aprueba los informes financieros. Se re\u00fane dos veces al a\u00f1o por convocatoria de la Junta Directiva. La Asamblea est\u00e1 [&hellip;]<\/p>\n","protected":false},"author":1,"featured_media":0,"parent":3,"menu_order":2,"comment_status":"closed","ping_status":"open","template":"","meta":{"footnotes":""},"_links":{"self":[{"href":"https:\/\/ciepo.org\/web\/wp-json\/wp\/v2\/pages\/24"}],"collection":[{"href":"https:\/\/ciepo.org\/web\/wp-json\/wp\/v2\/pages"}],"about":[{"href":"https:\/\/ciepo.org\/web\/wp-json\/wp\/v2\/types\/page"}],"author":[{"embeddable":true,"href":"https:\/\/ciepo.org\/web\/wp-json\/wp\/v2\/users\/1"}],"replies":[{"embeddable":true,"href":"https:\/\/ciepo.org\/web\/wp-json\/wp\/v2\/comments?post=24"}],"version-history":[{"count":10,"href":"https:\/\/ciepo.org\/web\/wp-json\/wp\/v2\/pages\/24\/revisions"}],"predecessor-version":[{"id":24842,"href":"https:\/\/ciepo.org\/web\/wp-json\/wp\/v2\/pages\/24\/revisions\/24842"}],"up":[{"embeddable":true,"href":"https:\/\/ciepo.org\/web\/wp-json\/wp\/v2\/pages\/3"}],"wp:attachment":[{"href":"https:\/\/ciepo.org\/web\/wp-json\/wp\/v2\/media?parent=24"}],"curies":[{"name":"wp","href":"https:\/\/api.w.org\/{rel}","templated":true}]}}