{"id":13,"date":"2010-11-26T11:58:38","date_gmt":"2010-11-26T15:58:38","guid":{"rendered":"http:\/\/ciepo.org\/web\/?page_id=13"},"modified":"2013-02-20T10:41:25","modified_gmt":"2013-02-20T14:41:25","slug":"directiva","status":"publish","type":"page","link":"https:\/\/ciepo.org\/web\/nosotros\/directiva\/","title":{"rendered":"Directiva 2012-2014"},"content":{"rendered":"<p style=\"text-align: center;\"><a href=\"http:\/\/ciepo.org\/web\/wp-content\/uploads\/2010\/11\/logociepo.jpg\"><img loading=\"lazy\" decoding=\"async\" class=\"aligncenter size-thumbnail wp-image-437\" title=\"logociepo\" src=\"http:\/\/ciepo.org\/web\/wp-content\/uploads\/2010\/11\/logociepo-150x150.jpg\" alt=\"\" width=\"150\" height=\"150\" \/><\/a><\/p>\n<p style=\"text-align: center;\"><strong>CIEPO REGULARIZA SU STATUS A LA LEY 122-05, REALIZA ASAMBLEA CONSTITUTIVA Y ELIGE SU DIRECTIVA.<\/strong><\/p>\n<p style=\"text-align: center;\"><strong>ACTA DE ASAMBLEA CONSTITUTIVA DEL CENTRO DE INVESTIGACION Y EDUCACION POPULAR, (CIEPO), LEY SOBRE REGULACION Y FOMENTO DE LAS ASOCIACIONES SIN FINES DE LUCRO EN REPUBLICA DOMINICANA No. 122-05<\/strong><\/p>\n<p style=\"text-align: justify;\">En la ciudad y Municipio de La Descubierta, Provincia Independencia, siendo las 10:00 A.M, a los 12 d\u00edas del mes de septiembre del a\u00f1o 2012, se dieron cita, en el Centro Cultural Profesora Yolanda Mendez de Pe\u00f1a, cito en la calle General Cabral No. 2, personalidades de varias comunidades de la Provincia Independencia, con el objetivo de dejar constituido el Centro de Investigaci\u00f3n y Educaci\u00f3n Popular, (CIEPO), bajo los preceptos de la Ley sobre regulaci\u00f3n y fomento de las asociaciones sin fines de lucro en Republica Dominicana No. 122-05 y su reglamento de aplicaci\u00f3n No. 40-08, que sustituyen la Orden Ejecutiva No. 520, del 26 de Julio de 1920, bajo la cual estaba constituida la organizaci\u00f3n de referencia en la presente Acta. La constituci\u00f3n de la organizaci\u00f3n surge de la voluntad y decisi\u00f3n expresa de los promotores de la misma, mediante acuerdos de compromisos asumidos por todos\/as de poner en com\u00fan, conocimientos, medios y actividades para conseguir unas finalidades licitas, comunes, de inter\u00e9s general o particular, y se dotan de los estatutos que regir\u00e1 el funcionamiento de esta organizaci\u00f3n, que habr\u00e1 de reconocerse por sus siglas CIEPO.<\/p>\n<p style=\"text-align: justify;\">En la Asamblea Constitutiva estuvieron presentes un total de 14 personas, promotores\/as de la organizaci\u00f3n, \u00a0mismos que figuraran en la lista de miembros de la Asamblea General, cuyas generales detallamos a continuaci\u00f3n: <strong>GUILLERMO CUEVAS MEDINA, C\u00e9dula No 070-0001624-1, DUGAR FERRERAS FLORIAN, C\u00e9dula No 070-0001183-8, JANNET JACQUELINE CUEVAS MEDINA, C\u00e9dula No 070-0001099-6, RUDDY EVARISTA MARTINEZ BENITEZ, C\u00e9dula No 070-0003009-3, MARIA DE LOS SANTOS NIOVAS CUEVAS, C\u00e9dula No 070-0003939-0, ANA DIOSIRIS DE LA ROSA MEDINA, C\u00e9dula No 070-0004112-4; ROBERT A. RAMIREZ FLORIAN, C\u00e9dula No 018-0006505-2; NELSON CUEVAS MEDINA, C\u00e9dula No 070-0001629-0; DOMINGA FLORIAN MEDINA, Cedula No. 070-0001796-7; SANTA MIRIDIA MONTERO, Cedula No. 099-0003272-4; NEOLFI DAMILET FERRERAS FERRERAS; Cedula No. 070-0005617-1; RONALD RAVID MEDINA, Cedula No. 070-0005256-8;\u00a0 NIXON GENIO MEDINA CUEVAS, Cedula No. 070-0003039-0 y CRISONNE MEDINA FERRERAS, Cedula No. 070-0001796-7, <\/strong>todos y todas de nacionalidad dominicana y con domicilios ubicados y definidos en diferentes comunidades de municipios de la Provincia Independencia. En calidad de Abogado Notario para notarizar la asamblea, estuvo presente el <strong>LIC. MANUEL ECHENIQUE CUEVAS,<\/strong> Abogado Notario de los del n\u00famero del municipio de La Descubierta.\u00a0 La Asamblea\u00a0 Constitutiva se inicio con una agenda contentiva de los siguientes puntos:<\/p>\n<p style=\"text-align: justify;\"><strong>Agenda<\/strong><\/p>\n<p style=\"text-align: justify;\">1. Palabras de Bienvenida y explicaci\u00f3n de los objetivos de la Asamblea Constitutiva<\/p>\n<p style=\"text-align: justify;\">2. Elecci\u00f3n de la Comisi\u00f3n Organizadora y Eleccionaria de la Asamblea Constitutiva.<\/p>\n<p style=\"text-align: justify;\">3. Constituci\u00f3n del Centro de Investigaci\u00f3n y Educaci\u00f3n Popular, (CIEPO),<\/p>\n<p style=\"text-align: justify;\">4. Lectura, Discusi\u00f3n y Aprobaci\u00f3n de los Estatutos.<\/p>\n<p style=\"text-align: justify;\">5. Elecci\u00f3n y Juramentaci\u00f3n del Consejo Directivo,<\/p>\n<p style=\"text-align: justify;\">6. Resoluci\u00f3n<\/p>\n<p style=\"text-align: justify;\">7. Cierre de la Asamblea.<\/p>\n<p style=\"text-align: justify;\">&nbsp;<\/p>\n<p style=\"text-align: justify;\"><strong>Desarrollo de la Agenda<\/strong>:<\/p>\n<p style=\"text-align: justify;\">1. <strong>Palabras de Bienvenida y explicaci\u00f3n de los objetivos de la Asamblea Constitutiva<\/strong> El se\u00f1or Nelson Cuevas Medina, como parte del grupo promotor de la constituci\u00f3n, al hacer uso de las palabras introductorias, motivo la necesidad de que el Centro de Investigaci\u00f3n y Educaci\u00f3n Popular, (CIEPO), con vigencia desde el a\u00f1o 1988 y amparado en la ordenanza 520, regularice su status, y se constituya de acuerdo a la Ley 122-05 de regularizaci\u00f3n y fomento de las organizaciones sin fines de lucro.<\/p>\n<p style=\"text-align: justify;\"><strong>2. Elecci\u00f3n de la Comisi\u00f3n Organizadora y Eleccionaria de la Asamblea Constitutiva<\/strong> En el segundo punto de la Agenda, se eligi\u00f3 una Comisi\u00f3n Organizadora de la Asamblea Constitutiva, que quedo integrada por tres de las personas promotoras, estructurada por un coordinador, un secretario y un vocal, recayendo tal designaci\u00f3n en los\/as se\u00f1ores: <strong>NELSON CUEVAS MEDINA, Coordinador, RONALD RAVID MEDINA, Secretario, y DOMINGA FLORIAN MEDINA<\/strong>, Miembra, quienes tendr\u00edan a su cargo la conducci\u00f3n del proceso de constituci\u00f3n de la organizaci\u00f3n, hasta culminar con la elecci\u00f3n de su Consejo Directivo.<\/p>\n<p style=\"text-align: justify;\"><strong>3<\/strong>. <strong>Constituci\u00f3n del Centro de Investigaci\u00f3n y Educaci\u00f3n Popular<\/strong>. El Coordinador de la Comisi\u00f3n Organizadora y Eleccionaria, someti\u00f3 a la consideraci\u00f3n de los presentes, dejar constituido una organizaci\u00f3n con el nombre de Centro de Investigaci\u00f3n y Educaci\u00f3n Popular, (CIEPO), nombre que viene usando desde el a\u00f1o 1988 amparado en la Orden Ejecutiva No. 520 y que esta, compuesta por hombres y mujeres de reconocida solvencia moral. La propuesta de constituci\u00f3n de la organizaci\u00f3n para que sea apegada a la Ley 122-05, fue acogida con el voto un\u00e1nime de todos y todas los\/as presentes.<\/p>\n<p style=\"text-align: justify;\"><strong>4. Lectura, discusi\u00f3n y aprobaci\u00f3n de los Estatutos.<\/strong> El Coordinador de la Comisi\u00f3n Organizadora someti\u00f3 a la lectura una propuesta de Borrador de Estatutos, formulada por un equipo designado por los promotores de la organizaci\u00f3n para que sirviera de marco de referencia de las discusiones. Luego de una amplia discusi\u00f3n, aportes y modificaciones a su contenido, dio como resultado un documento consensuado y aprobado a unanimidad por los asamble\u00edstas presentes, cuyo original resultado del proceso fue firmado en su \u00faltima p\u00e1gina por los\/as gestores y promotores\/as presentes, e inicializado por cada uno\/a de ellos\/as en cada una de sus paginas.<\/p>\n<p style=\"text-align: justify;\"><strong>5.<\/strong> <strong>Elecci\u00f3n y Juramentaci\u00f3n del Consejo Directivo:<\/strong> En el desarrollo de este punto, se dio lectura a los art\u00edculos Nos. 35 al 42 de los reci\u00e9n aprobados Estatutos. Se constituyeron dos grupos para que elaboraran sendas planchas de propuestas para integrar el Consejo Directivo.\u00a0 Luego de transcurrido un tiempo prudente, cada grupo presento una Plancha.\u00a0 El se\u00f1or Nelson Cuevas Medina, quien fungi\u00f3 como Coordinador de la Comisi\u00f3n Organizadora y Eleccionaria de la Asamblea Constitutiva, dio lectura a dos planchas presentadas, luego de que la Comisi\u00f3n Organizadora verificara que las mismas se acog\u00edan a lo establecido en el PARRAFO No. 1 del Articulo No. 37, de los Estatutos, respeto al porcentaje de representaci\u00f3n de la mujer en su integraci\u00f3n. En ese momento todos los integrantes de la Plancha No. 1, encabezada por Robert. A. Ram\u00edrez Flori\u00e1n, propuestos como presidente, vice- presidente, secretaria, tesorero y primer vocal, declinaron a ser presentados y adhiri\u00e9ndose a la Plancha No. 2. Se someti\u00f3 la Plancha No. 2 \u00a0a la consideraci\u00f3n de los\/as presentes, la cual fue votada a unanimidad de manera favorable por todos\/as los presentes dejando electo el Consejo Directivo, el cual qued\u00f3 conformado de la siguiente manera:<\/p>\n<p style=\"text-align: justify;\"><strong>DUGAR FERRERAS FLORIAN, C\u00e9dula No 070-0001183-8, Presidente, DOMINGA FLORIAN MEDINA, Cedula No. 070-0001796-7, Vice- Presidenta; JANNET CUEVAS MEDINA, C\u00e9dula No. 070-0001099-6, Secretaria, RUDDY EVARISTA MARTINEZ BENITEZ, C\u00e9dula No 070-0003009-3, Tesorera y ROBERT A. RAMIREZ FLORIAN, C\u00e9dula No 018-0006505-2 Primer Vocal. <\/strong><\/p>\n<p style=\"text-align: justify;\">Este Consejo Directivo<strong>, <\/strong>regir\u00e1 en sus funciones por un periodo de dos a\u00f1os, a partir de esta fecha, y que culminar\u00e1 el d\u00eda \u00ad12 del mes de Septiembre del a\u00f1o 2014. El Presidente de la Comisi\u00f3n Organizadora y Eleccionaria, procedi\u00f3 a la juramentaci\u00f3n del Consejo Directivo, dando paso al\u00a0 Presidente del Consejo Directivo <strong>DUGAR FERRERAS FLORIAN<\/strong>, y dem\u00e1s directivos electos, a ocupar la mesa directiva de la asamblea.<\/p>\n<p style=\"text-align: justify;\"><strong>6. Resoluci\u00f3n<\/strong>: El presidente electo, someti\u00f3 a la consideraci\u00f3n de los miembros\/as presentes en la asamblea, una resoluci\u00f3n que fue acogida a unanimidad, cuyo contenido es el siguiente: \u201cLa Asamblea otorga poderes al Director Ejecutivo, seg\u00fan lo establece el ac\u00e1pite b del art\u00edculo No. 66 de los presentes Estatutos, la capacidad para solicitar la incorporaci\u00f3n, la habilitaci\u00f3n y la calificaci\u00f3n de la instituci\u00f3n por ante la Procuradur\u00eda General de la Corte de Apelaci\u00f3n del Departamento Judicial de Barahona\u201d<\/p>\n<p style=\"text-align: justify;\"><strong>7. Cierre de la Asamblea:<\/strong> El Presidente de la Asamblea y del Consejo Directivo <strong>DUGAR FERRERAS FLORIAN,<\/strong> convoca a reuni\u00f3n del Consejo Directivo en una fecha que ser\u00e1 informada posteriormente, para para el nombramiento de los miembros del Comit\u00e9 Ejecutivo y fijar la fecha y el lugar de convocatoria de la Asamblea General Extra Ordinaria y finalmente dejo clausurada la Asamblea a las 3:00 P.M.<\/p>\n<p><strong> <\/strong><\/p>\n<p style=\"text-align: center;\"><strong>FIRMADO:<\/strong><\/p>\n<p style=\"text-align: center;\"><strong>COMISION ORGANIZADORA<\/strong><\/p>\n<p style=\"text-align: center;\"><strong> <\/strong><\/p>\n<p style=\"text-align: center;\"><strong>NELSON CUEVAS MEDINA\u00a0\u00a0\u00a0\u00a0\u00a0\u00a0\u00a0\u00a0\u00a0\u00a0\u00a0\u00a0\u00a0\u00a0\u00a0\u00a0\u00a0\u00a0\u00a0\u00a0\u00a0\u00a0\u00a0 \u00a0\u00a0\u00a0\u00a0\u00a0\u00a0\u00a0 RONALD RAVID MEDINA<\/strong><\/p>\n<p style=\"text-align: center;\"><strong> Coordinador\u00a0\u00a0\u00a0\u00a0\u00a0\u00a0\u00a0\u00a0\u00a0\u00a0\u00a0\u00a0\u00a0\u00a0\u00a0\u00a0\u00a0\u00a0\u00a0\u00a0\u00a0\u00a0\u00a0\u00a0\u00a0\u00a0\u00a0\u00a0\u00a0\u00a0\u00a0 \u00a0\u00a0\u00a0\u00a0\u00a0\u00a0\u00a0\u00a0\u00a0\u00a0\u00a0\u00a0\u00a0\u00a0\u00a0\u00a0\u00a0\u00a0\u00a0\u00a0\u00a0\u00a0\u00a0\u00a0\u00a0\u00a0\u00a0\u00a0\u00a0\u00a0\u00a0 Secretario <\/strong><\/p>\n<p style=\"text-align: center;\"><strong> <\/strong><\/p>\n<p style=\"text-align: center;\"><strong> <\/strong><\/p>\n<p style=\"text-align: center;\"><strong>DOMINGA FLORIAN MEDINA<\/strong><\/p>\n<p style=\"text-align: center;\"><strong>Miembra<\/strong><\/p>\n<p>&nbsp;<\/p>\n<p>&nbsp;<\/p>\n<p style=\"text-align: center;\"><strong>POR EL CONSEJO DIRECTIVO ELECTO<\/strong><\/p>\n<p style=\"text-align: center;\"><strong> <\/strong><\/p>\n<p style=\"text-align: center;\"><strong>FERRERAS DUGAR FLORIAN, \u00a0 \u00a0\u00a0\u00a0\u00a0\u00a0\u00a0\u00a0\u00a0\u00a0\u00a0\u00a0\u00a0\u00a0\u00a0\u00a0\u00a0\u00a0\u00a0\u00a0\u00a0\u00a0\u00a0\u00a0\u00a0\u00a0\u00a0\u00a0\u00a0\u00a0\u00a0\u00a0\u00a0\u00a0\u00a0 \u00a0DOMINGA FLORIAN MEDINA<\/strong><\/p>\n<p style=\"text-align: center;\"><strong> C\u00e9dula No 070-0001183-8,\u00a0\u00a0\u00a0\u00a0\u00a0\u00a0\u00a0\u00a0\u00a0\u00a0\u00a0\u00a0\u00a0\u00a0\u00a0\u00a0\u00a0\u00a0\u00a0\u00a0\u00a0\u00a0\u00a0\u00a0 \u00a0\u00a0\u00a0\u00a0\u00a0\u00a0\u00a0\u00a0\u00a0\u00a0\u00a0\u00a0\u00a0\u00a0\u00a0\u00a0\u00a0 \u00a0\u00a0\u00a0Cedula No. 070-0001796-7<\/strong><\/p>\n<p style=\"text-align: center;\"><strong> Presidente, \u00a0\u00a0\u00a0\u00a0\u00a0\u00a0\u00a0\u00a0\u00a0\u00a0\u00a0\u00a0\u00a0\u00a0\u00a0\u00a0\u00a0\u00a0\u00a0\u00a0\u00a0\u00a0\u00a0\u00a0\u00a0\u00a0\u00a0\u00a0\u00a0\u00a0\u00a0\u00a0\u00a0\u00a0\u00a0\u00a0\u00a0\u00a0\u00a0\u00a0\u00a0\u00a0\u00a0\u00a0\u00a0\u00a0\u00a0\u00a0\u00a0\u00a0\u00a0\u00a0\u00a0\u00a0\u00a0\u00a0\u00a0\u00a0\u00a0\u00a0\u00a0\u00a0\u00a0\u00a0\u00a0\u00a0\u00a0\u00a0\u00a0\u00a0 Vice- Presidenta<\/strong><\/p>\n<p style=\"text-align: center;\"><strong> <\/strong><\/p>\n<p style=\"text-align: center;\"><strong> <\/strong><\/p>\n<p style=\"text-align: center;\"><strong> JANNET CUEVAS MEDINA, \u00a0\u00a0\u00a0\u00a0\u00a0\u00a0\u00a0\u00a0\u00a0\u00a0\u00a0\u00a0\u00a0\u00a0\u00a0\u00a0\u00a0\u00a0\u00a0\u00a0\u00a0\u00a0\u00a0\u00a0\u00a0\u00a0\u00a0\u00a0\u00a0 \u00a0\u00a0\u00a0\u00a0\u00a0\u00a0RUDDY \u00a0E. \u00a0MARTINEZ BENITEZ<\/strong><\/p>\n<p style=\"text-align: center;\"><strong> C\u00e9dula No. 070-0001099-6, \u00a0\u00a0\u00a0\u00a0\u00a0\u00a0\u00a0\u00a0\u00a0\u00a0\u00a0\u00a0\u00a0\u00a0\u00a0\u00a0\u00a0\u00a0\u00a0\u00a0\u00a0\u00a0\u00a0\u00a0\u00a0\u00a0\u00a0\u00a0\u00a0\u00a0 \u00a0\u00a0\u00a0\u00a0\u00a0\u00a0\u00a0\u00a0\u00a0\u00a0\u00a0C\u00e9dula No 070-0003009-3, <\/strong><\/p>\n<p style=\"text-align: center;\"><strong> Secretaria,\u00a0 \u00a0\u00a0\u00a0\u00a0\u00a0\u00a0\u00a0\u00a0\u00a0\u00a0\u00a0\u00a0\u00a0\u00a0\u00a0\u00a0\u00a0\u00a0\u00a0\u00a0\u00a0\u00a0\u00a0\u00a0\u00a0\u00a0\u00a0\u00a0\u00a0\u00a0\u00a0\u00a0\u00a0\u00a0\u00a0\u00a0\u00a0\u00a0\u00a0\u00a0\u00a0\u00a0\u00a0\u00a0\u00a0\u00a0\u00a0\u00a0\u00a0\u00a0\u00a0\u00a0\u00a0\u00a0\u00a0\u00a0\u00a0\u00a0\u00a0\u00a0\u00a0 \u00a0Tesorera<\/strong><\/p>\n<p style=\"text-align: center;\"><strong> <\/strong><\/p>\n<p style=\"text-align: center;\"><strong> <\/strong><\/p>\n<p style=\"text-align: center;\"><strong>ROBERT A. RAMIREZ FLORIAN,<\/strong><\/p>\n<p style=\"text-align: center;\"><strong>C\u00e9dula No 018-0006505-2<\/strong><\/p>\n<p style=\"text-align: center;\"><strong>Primer Vocal<\/strong><\/p>\n<p style=\"text-align: center;\">&nbsp;<\/p>\n<p style=\"text-align: justify;\"><strong>ACTO No<\/strong>. ______________ En la comunidad de La Descubierta, municipio de la Provincia Independencia, Republica Dominicana, en fecha 12 de Septiembre del 2012,\u00a0 quien suscribe, <strong>LIC. MANUEL ECHENIQUE CUEVAS, <\/strong>dominicano, mayor de edad, casado, portador de la Cedula de Identidad y Electoral No. 070-0000625-9<strong>,<\/strong> Abogado Notario P\u00fablico de los del numero del Municipio de La Descubierta, con mi estudios profesional abierto en la casa No. 09, de la calle San Juan Bautista del Municipio de La Descubierta, Provincia Independencia, inscrito en el Colegio Dominicano de Notarios, con el numero \u00ad6931\u00ad\u00ad\u00ad, y atendiendo invitaci\u00f3n de los se\u00f1ores: <strong>NELSON CUEVAS MEDINA, GUILLERMO CUEVAS MEDINA, RUDDY EVARISTA MARTINEZ, DUGAR FERRERAS FLORIAN Y NIXON GENIO MEDINA CUEVAS,<\/strong> de generales que constan al inicio de la presente Acta, para que hiciera acto de presencia en el sal\u00f3n de Actos del Centro Cultural Profesora Yolanda Mendez de Pe\u00f1a el d\u00eda 12 del mes de Septiembre del a\u00f1o 2102,\u00a0 donde ese mismo d\u00eda se celebrar\u00eda la Asamblea Constitutiva del Centro de Investigaci\u00f3n y Educaci\u00f3n Popular, (CIEPO), amparada en la Ley 122-05, y que bajo la fe del juramento notarice, bajo firma de Notario Publico, todo cuanto all\u00ed aconteciera.\u00a0 Para tales fines, proced\u00ed a apersonarme en el lugar acordado, cito en los Salones del Centro Cultural Profesora Yolanda Mendez de Pe\u00f1a, ubicado en la Calle General Cabral, S\/N del municipio de La Descubierta, Provincia Independencia, e investido de lo que me confieren las leyes y la Constituci\u00f3n de la Republica, puedo testificar que ciertamente, siendo las 10:00 A.M del d\u00eda 12 del mes de Septiembre del a\u00f1o 2012 se celebro, la Asamblea Constitutiva del Centro de Investigaci\u00f3n y Educaci\u00f3n Popular, (CIEPO), bajo las mas estrictas normas del centralismo democr\u00e1tico y apegados a lo estipulado en la Ley 122-05 y su Reglamento No. 40-08 que norman este tipo de actividad, resultando apegado a la verdad todo cuanto se lee precedentemente descrito, y que las personas firmantes de generales que constan, se encontraban todos y todas presentes, y que todo cuanto aconteci\u00f3 all\u00ed, fue aprobado y firmado conforme en todas sus partes, junto conmigo y ante m\u00ed, Notario Publico Infrascrito, el presente extracto de acta de lo cual <strong>CERTIFICO Y DOY FE.<\/strong><\/p>\n<p style=\"text-align: justify;\">&nbsp;<\/p>\n<p><strong> <\/strong><\/p>\n<p><strong> <\/strong><\/p>\n<p style=\"text-align: center;\"><strong>LIC. MANUEL ECHENIQUE CUEVAS<\/strong><\/p>\n<p style=\"text-align: center;\"><strong>Abogado Notario P\u00fablico<\/strong><\/p>\n<p style=\"text-align: center;\"><strong>Matricula Notarial No. 6931<\/strong><\/p>\n","protected":false},"excerpt":{"rendered":"<p>CIEPO REGULARIZA SU STATUS A LA LEY 122-05, REALIZA ASAMBLEA CONSTITUTIVA Y ELIGE SU DIRECTIVA. ACTA DE ASAMBLEA CONSTITUTIVA DEL CENTRO DE INVESTIGACION Y EDUCACION POPULAR, (CIEPO), LEY SOBRE REGULACION Y FOMENTO DE LAS ASOCIACIONES SIN FINES DE LUCRO EN REPUBLICA DOMINICANA No. 122-05 En la ciudad y Municipio de La Descubierta, Provincia Independencia, siendo [&hellip;]<\/p>\n","protected":false},"author":1,"featured_media":0,"parent":3,"menu_order":3,"comment_status":"open","ping_status":"closed","template":"page_full.php","meta":{"footnotes":""},"_links":{"self":[{"href":"https:\/\/ciepo.org\/web\/wp-json\/wp\/v2\/pages\/13"}],"collection":[{"href":"https:\/\/ciepo.org\/web\/wp-json\/wp\/v2\/pages"}],"about":[{"href":"https:\/\/ciepo.org\/web\/wp-json\/wp\/v2\/types\/page"}],"author":[{"embeddable":true,"href":"https:\/\/ciepo.org\/web\/wp-json\/wp\/v2\/users\/1"}],"replies":[{"embeddable":true,"href":"https:\/\/ciepo.org\/web\/wp-json\/wp\/v2\/comments?post=13"}],"version-history":[{"count":22,"href":"https:\/\/ciepo.org\/web\/wp-json\/wp\/v2\/pages\/13\/revisions"}],"predecessor-version":[{"id":59,"href":"https:\/\/ciepo.org\/web\/wp-json\/wp\/v2\/pages\/13\/revisions\/59"}],"up":[{"embeddable":true,"href":"https:\/\/ciepo.org\/web\/wp-json\/wp\/v2\/pages\/3"}],"wp:attachment":[{"href":"https:\/\/ciepo.org\/web\/wp-json\/wp\/v2\/media?parent=13"}],"curies":[{"name":"wp","href":"https:\/\/api.w.org\/{rel}","templated":true}]}}