{"id":518,"date":"2021-09-30T20:27:07","date_gmt":"2021-09-30T20:27:07","guid":{"rendered":"https:\/\/ciepo.org\/nbsime\/?page_id=518"},"modified":"2021-09-30T20:27:07","modified_gmt":"2021-09-30T20:27:07","slug":"plan-de-monitoreo-y-seguimiento","status":"publish","type":"page","link":"https:\/\/ciepo.org\/nbsime\/proyecto-de-saneamiento-ambiental-de-3-municipios-en-la-provincia-independencia\/plan-de-monitoreo-y-seguimiento\/","title":{"rendered":"PLAN DE MONITOREO Y SEGUIMIENTO"},"content":{"rendered":"<div class='flex_column av-av_one_full-d846867a37b468541bc8830743d44203 av_one_full  avia-builder-el-0  avia-builder-el-no-sibling  first flex_column_div '   ><p>\n<style type=\"text\/css\" data-created_by=\"avia_inline_auto\" id=\"style-css-av-ku7dn67o-8969ca6ad5a0457b016bac991580e0a1\">\n#top .av-special-heading.av-ku7dn67o-8969ca6ad5a0457b016bac991580e0a1{\npadding-bottom:10px;\n}\n<\/style>\n<div  class='av-special-heading av-ku7dn67o-8969ca6ad5a0457b016bac991580e0a1 av-special-heading-h2 blockquote elegant-quote elegant-centered  avia-builder-el-1  el_before_av_hr  avia-builder-el-first  '><h2 class='av-special-heading-tag '  itemprop=\"headline\"  ><span class=\"heading-wrap\">PLAN DE MONITOREO Y SEGUIMIENTO<\/span><\/h2><div class='special-heading-border'><div class='special-heading-inner-border'><\/div><\/div><\/div><br \/>\n\n<style type=\"text\/css\" data-created_by=\"avia_inline_auto\" id=\"style-css-av-av_hr-af89a52d51412774536fa272e468f7cd\">\n#top .hr.hr-invisible.av-av_hr-af89a52d51412774536fa272e468f7cd{\nheight:30px;\n}\n<\/style>\n<div  class='hr av-av_hr-af89a52d51412774536fa272e468f7cd hr-invisible  avia-builder-el-2  el_after_av_heading  el_before_av_textblock  '><span class='hr-inner '><span class=\"hr-inner-style\"><\/span><\/span><\/div><br \/>\n<section class=\"av_textblock_section \"  itemscope=\"itemscope\" itemtype=\"https:\/\/schema.org\/CreativeWork\" ><div class='avia_textblock  '   itemprop=\"text\" ><p><span style=\"color: #000000;\">La acci\u00f3n contar\u00e1 con un sistema de monitoreo y seguimiento del proyecto, basado principalmente en el Plan de Trabajo que ser\u00e1 redactado al inicio del proyecto. En el marco del Plan, se preparar\u00e1 un calendario de actividades trimestral a fin de establecer controles para el seguimiento. El coordinador del proyecto realizar\u00e1 informes t\u00e9cnicos seg\u00fan previsto por el donante para monitorear y dar seguimiento a las actividades realizadas.<\/span><\/p>\n<p><span style=\"color: #000000;\">Se crear\u00e1 un Comit\u00e9 T\u00e9cnico del proyecto, integrado por el coordinador, el t\u00e9cnico de proyecto, la administradora y representantes del Ayuntamiento de La Descubierta, representantes del Ministerio de Medioambiente y Recursos Naturales, del Distrito educativo de Jiman\u00ed, y por los beneficiarios para que el monitoreo y seguimiento de las actividades y sus indicadores se lleve a cabo de forma participativa y formativa con el fin de favorecer:<\/span><\/p>\n<p><span style=\"color: #000000;\">\u2022 El intercambio de informaciones entre todos los agentes involucrados en el proyecto (CIEPO, Ayuntamiento de La Descubierta, Ministerio de Medioambiente y Recursos Naturales, Distrito educativo de Jiman\u00ed, beneficiarios, etc.)<\/span><\/p>\n<p><span style=\"color: #000000;\">\u2022 La detecci\u00f3n temprana de variables que puedan afectar positiva o negativamente el desarrollo del proyecto;<\/span><\/p>\n<p><span style=\"color: #000000;\">\u2022 La posibilidad de poder disponer en todo momento de informaci\u00f3n actualizada que pueda ser requerida por el donante.<\/span><\/p>\n<p><span style=\"color: #000000;\">\u2022 La toma de decisiones en conjunto tomando en cuenta la prospectiva t\u00e9cnica, social y financiera;<\/span><\/p>\n<p><span style=\"color: #000000;\">La metodolog\u00eda combinar\u00e1 el an\u00e1lisis de resultados esperados y logros obtenidos, sobre la base de la matriz de marco l\u00f3gico a trav\u00e9s de la cual se medir\u00e1n el nivel de los avances y logros. El seguimiento permitir\u00e1, si necesario, reorientar y retroalimentar el Plan de trabajo.<\/span><\/p>\n<p><span style=\"color: #000000;\">Los m\u00e9todos propuestos para realizar la acci\u00f3n son orientados a la creaci\u00f3n de espacios de participaci\u00f3n y coordinaci\u00f3n entre sociedad civil e instituciones publicas, en favor de la sostenibilidad ambiental. Tanto en el resultado 1, a trav\u00e9s de la formulaci\u00f3n de los Planes Municipales de Gesti\u00f3n Integral de Residuos, como en los resultados 2 y 3 con la campa\u00f1a de sensibilizaci\u00f3n, la formaci\u00f3n a estudiantes y la implementaci\u00f3n del piloto para el reciclaje, se busca involucrar activamente la poblaci\u00f3n con el prop\u00f3sito de lograr empezar un proceso hacia la sostenibilidad ambiental en la zona. Para esto se llevar\u00e1n tambi\u00e9n a cabo ciclos de formaci\u00f3n y sensibilizaci\u00f3n con el fin de dejar capacidades y conocimientos instalados, que puedan ser multiplicados y difundidos a los dem\u00e1s pobladores. Esta metodolog\u00eda ha sido elegida considerando que una parte consistente de la poblaci\u00f3n objetivo de la acci\u00f3n es constituida por j\u00f3venes, cuya formaci\u00f3n representa de alguna manera una inversi\u00f3n en t\u00e9rminos sociales. Formar j\u00f3venes garantiza que ellos mismos ser\u00e1n, a lo largo del tiempo, los socializadores, en el desarrollo de sus vidas, de una manera m\u00e1s consciente de relacionarse al tema de la sostenibilidad ambiental.<\/span><\/p>\n<p><span style=\"color: #000000;\">La presencia de CIEPO en terreno, su cercan\u00eda a la poblaci\u00f3n y su reconocimiento por parte de las instituciones locales permitir\u00e1 garantizar un seguimiento de las acciones del proyecto m\u00e1s all\u00e1 de la fecha de su cierre, y posiblemente una replica y expansi\u00f3n de estas actividades a los dem\u00e1s municipios de la provincia.<\/span><\/p>\n<\/div><\/section><\/p><\/div>\n","protected":false},"excerpt":{"rendered":"","protected":false},"author":1,"featured_media":0,"parent":498,"menu_order":0,"comment_status":"closed","ping_status":"closed","template":"","meta":{"footnotes":""},"class_list":["post-518","page","type-page","status-publish","hentry"],"_links":{"self":[{"href":"https:\/\/ciepo.org\/nbsime\/wp-json\/wp\/v2\/pages\/518","targetHints":{"allow":["GET"]}}],"collection":[{"href":"https:\/\/ciepo.org\/nbsime\/wp-json\/wp\/v2\/pages"}],"about":[{"href":"https:\/\/ciepo.org\/nbsime\/wp-json\/wp\/v2\/types\/page"}],"author":[{"embeddable":true,"href":"https:\/\/ciepo.org\/nbsime\/wp-json\/wp\/v2\/users\/1"}],"replies":[{"embeddable":true,"href":"https:\/\/ciepo.org\/nbsime\/wp-json\/wp\/v2\/comments?post=518"}],"version-history":[{"count":1,"href":"https:\/\/ciepo.org\/nbsime\/wp-json\/wp\/v2\/pages\/518\/revisions"}],"predecessor-version":[{"id":519,"href":"https:\/\/ciepo.org\/nbsime\/wp-json\/wp\/v2\/pages\/518\/revisions\/519"}],"up":[{"embeddable":true,"href":"https:\/\/ciepo.org\/nbsime\/wp-json\/wp\/v2\/pages\/498"}],"wp:attachment":[{"href":"https:\/\/ciepo.org\/nbsime\/wp-json\/wp\/v2\/media?parent=518"}],"curies":[{"name":"wp","href":"https:\/\/api.w.org\/{rel}","templated":true}]}}