{"id":505,"date":"2021-09-30T19:44:40","date_gmt":"2021-09-30T19:44:40","guid":{"rendered":"https:\/\/ciepo.org\/nbsime\/?page_id=505"},"modified":"2021-09-30T19:44:40","modified_gmt":"2021-09-30T19:44:40","slug":"justificacion-del-proyecto","status":"publish","type":"page","link":"https:\/\/ciepo.org\/nbsime\/proyecto-de-saneamiento-ambiental-de-3-municipios-en-la-provincia-independencia\/justificacion-del-proyecto\/","title":{"rendered":"JUSTIFICACI\u00d3N DEL PROYECTO"},"content":{"rendered":"<div class='flex_column av-av_one_full-d846867a37b468541bc8830743d44203 av_one_full  avia-builder-el-0  avia-builder-el-no-sibling  first flex_column_div '   ><p>\n<style type=\"text\/css\" data-created_by=\"avia_inline_auto\" id=\"style-css-av-ku7c4csw-590a7a1ecd58d51f7546648ded3c5330\">\n#top .av-special-heading.av-ku7c4csw-590a7a1ecd58d51f7546648ded3c5330{\npadding-bottom:10px;\n}\n<\/style>\n<div  class='av-special-heading av-ku7c4csw-590a7a1ecd58d51f7546648ded3c5330 av-special-heading-h2 blockquote elegant-quote elegant-centered  avia-builder-el-1  el_before_av_hr  avia-builder-el-first  '><h2 class='av-special-heading-tag '  itemprop=\"headline\"  ><span class=\"heading-wrap\">Justificaci\u00f3n del proyecto<\/span><\/h2><div class='special-heading-border'><div class='special-heading-inner-border'><\/div><\/div><\/div><br \/>\n\n<style type=\"text\/css\" data-created_by=\"avia_inline_auto\" id=\"style-css-av-av_hr-af89a52d51412774536fa272e468f7cd\">\n#top .hr.hr-invisible.av-av_hr-af89a52d51412774536fa272e468f7cd{\nheight:30px;\n}\n<\/style>\n<div  class='hr av-av_hr-af89a52d51412774536fa272e468f7cd hr-invisible  avia-builder-el-2  el_after_av_heading  el_before_av_textblock  '><span class='hr-inner '><span class=\"hr-inner-style\"><\/span><\/span><\/div><br \/>\n<section class=\"av_textblock_section \"  itemscope=\"itemscope\" itemtype=\"https:\/\/schema.org\/CreativeWork\" ><div class='avia_textblock  '   itemprop=\"text\" ><p><span style=\"color: #000000;\">El proyecto ser\u00e1 ejecutado en tres municipios de la provincia Independencia, ubicada en el suroeste del pa\u00eds en la frontera con Hait\u00ed, y que se extiende sobre una superficie estimada de 2,007.4 km\u00b2.<\/span><\/p>\n<p><span style=\"color: #000000;\">La provincia est\u00e1 dividida en 6 municipios con sus respectivos distritos municipales: Jiman\u00ed, cabecera de la provincia, y sus distritos Boca de Cach\u00f3n y El Lim\u00f3n; Duverg\u00e9 y su distrito Vengan a Ver; La Descubierta; Crist\u00f3bal y su distrito Batey 8; Mella y su distrito La Colonia; y Postrer R\u00edo con su distrito Guayabal. Seg\u00fan el Censo Nacional del 2010 la provincia cuenta con 52,589 habitantes, 80% de los cuales concentrados en la zona urbana.<\/span><\/p>\n<p><span style=\"color: #000000;\">Los municipios de inter\u00e9s de esta acci\u00f3n ser\u00e1n Postrer R\u00edo, La Descubierta y Jiman\u00ed con sus respectivos distritos municipales.<\/span><\/p>\n<p><span style=\"color: #000000;\">El territorio de la provincia es caracterizado por la presencia del Lago Enriquillo, el cuerpo de agua m\u00e1s grande de las Antillas, y alrededor del cual se ubican los 6 municipios de la provincia. Actualmente el Lago Enriquillo tiene una extensi\u00f3n de 209 km\u00b2, superficie variable en la medida que aumenta o disminuye su caudal de agua producto de tormentas, ciclones o per\u00edodos de sequ\u00eda y por la evaporaci\u00f3n aguda que se produce en la regi\u00f3n, este \u00faltimo fen\u00f3meno provocado por el alto nivel de salinidad de las aguas del lago.<\/span><\/p>\n<p><span style=\"color: #000000;\">El lago es un \u00e1rea rica de biodiversidad y es recurso natural y ecotur\u00edstico de sumo valor para la provincia y sus pobladores, siendo reconocida como un \u00e1rea protegida a distintos niveles: a) Parque Nacional (de aplicaci\u00f3n local); b) Humedal RAMSAR de Importancia Internacional (No.1178), y c) Reserva de la Biosfera (UNESCO). Por estas razones es imperativa la necesidad de mantener su preservaci\u00f3n, la cual en la actualidad es amenazada por el vertido incontrolado de los residuos s\u00f3lidos en la provincia, que representan un riesgo por la contaminaci\u00f3n del lago y por la salud de los mismos pobladores de la provincia.<\/span><\/p>\n<p><span style=\"color: #000000;\">Ya en el 2010 el PNUD en el marco del \u201cPerfil Socioecon\u00f3mico y Medio Ambiental de la provincia Independencia\u201d se\u00f1alaba los problemas relacionados con la gesti\u00f3n de los residuos solidos en la provincia, en particular la acumulaci\u00f3n de basura depositada en vertederos improvisados, debido a la falta de recursos de los ayuntamientos para la recogida y tratamiento adecuado de la misma. \u00a0Seg\u00fan el Censo Nacional del 2010 en la provincia Independencia el 65,2% de la basura producida en los hogares de la provincia Independencia hab\u00eda sido recogida por los ayuntamientos contra un promedio del 73,2% registrado a nivel nacional, siendo los municipios de La Descubierta (48,7%), de Jiman\u00ed (49,3%) y de Postrer R\u00edo (51,5%) los ayuntamientos con las tasas de recogida m\u00e1s bajas.<\/span><\/p>\n<p><span style=\"color: #000000;\">La basura no recogida por los ayuntamientos por lo general es quemada directamente por los pobladores o tirada a las calles, con todas las consecuencias que esto pueda generar.<\/span><\/p>\n<p><span style=\"color: #000000;\">En 2017 los miembros de la Oficina T\u00e9cnica de Programaci\u00f3n y Planificaci\u00f3n (OTIPI) de la Mancomunidad de Municipios y Distritos Municipales de la Provincia Independencia, Republica Dominicana (MAMDIPROI) han llevado a cabo el \u201cDiagnostico sobre los Vertederos Municipales en la provincia Independencia\u201d.<\/span><\/p>\n<p><span style=\"color: #000000;\">El diagnostico ha relevado en la provincia la presencia de 11 vertederos municipales reconocidos, todos a cielo abierto, y desprovistos de cualquier tipo de manejo t\u00e9cnico y de relleno sanitario. Se ha observado tambi\u00e9n la presencia de vertederos improvisados de menor tama\u00f1o donde la poblaci\u00f3n deposita los residuos. En ambos tipos de vertederos la basura es quemada casi de inmediato, y los desechos depositados son de todos tipos incluyendo residuos biom\u00e9dicos (como jeringuillas) y desechos incombustibles como latas y vidrios.<\/span><\/p>\n<p><span style=\"color: #000000;\">En los 3 municipios de inter\u00e9s del proyecto se encuentran 6 vertederos, la mayor\u00eda de los cuales son ubicados a una distancia m\u00ednima del lago Enriquillo, destacando los de Jiman\u00ed y La Descubierta, entre los mayores de la provincia, y que se encuentran a menos de 500 metros de la orilla del lago: en caso de lluvias los residuos son arrastrados hasta el lago o sus inmediaciones. En algunos casos como en Boca de Cach\u00f3n y Postrer R\u00edo, los vertederos se encuentran al lado o muy cercanos a r\u00edos que confluyen en el lago, aumentando el riesgo de contaminaci\u00f3n de esto. \u00a0La contaminaci\u00f3n del lago representa un peligro por el equilibro medioambiental de la regi\u00f3n, ya que pone en riesgo de extinci\u00f3n la fauna local.<\/span><\/p>\n<p><span style=\"color: #000000;\">Ning\u00fan tipo de acci\u00f3n de reciclaje se realiza en los 3 municipios de inter\u00e9s, ni en la entera provincia.<\/span><\/p>\n<p><span style=\"color: #000000;\">El mismo diagnostico se\u00f1ala adem\u00e1s que dada la cercan\u00eda relativa entre ciudades y la baja generaci\u00f3n de los municipios y distritos municipales involucrados no se justifica la existencia de 11 vertederos municipales en la provincia, y que por lo tanto el numero podr\u00eda ser significativamente reducidos, permitiendo un mejor manejo de estos, reduciendo los potenciales focos de contaminaci\u00f3n y mejorando las condiciones paisaj\u00edsticas de la provincia. Como dicho el diagnostico considera los municipios de la provincia como de baja generaci\u00f3n es decir con una producci\u00f3n inferior a las 15 toneladas por d\u00eda, aunque en la actualidad no se cuenta con datos certeros sobre este asunto.<\/span><\/p>\n<p><span style=\"color: #000000;\">Para la formulaci\u00f3n de la presente propuesta de proyecto se ha llevado a cabo un an\u00e1lisis del marco legal dominicano y de las pol\u00edticas publicas existentes en tema medioambiental y de gesti\u00f3n de residuos solidos. En particular han sido analizadas:<\/span><\/p>\n<p><span style=\"color: #000000;\">\u2013 Ley General sobre Medio Ambiente y Recursos Naturales 64-00<\/span><\/p>\n<p><span style=\"color: #000000;\">\u2013 Ley General de Salud P\u00fablica y Asistencia Social 42-01<\/span><\/p>\n<p><span style=\"color: #000000;\">\u2013 Ley sobre el Distrito Municipal y los Municipios 176-07<\/span><\/p>\n<p><span style=\"color: #000000;\">\u2013 Ley 120-99 sobre la prohibici\u00f3n de tirar desperdicios de todos tipos en espacio p\u00fablicos<\/span><\/p>\n<p><span style=\"color: #000000;\">\u2013 Estrategia Nacional de Desarrollo \u2013END, Ley 1-12<\/span><\/p>\n<p><span style=\"color: #000000;\">Adem\u00e1s, va mencionado que en el 2014 el Ministerio de Medioambiente y Recursos Naturales de la Rep\u00fablica Dominicana ha lanzado la \u201cPol\u00edtica para la Gesti\u00f3n Integral de Residuos S\u00f3lidos Municipales (RSM)\u201d con el prop\u00f3sito de trazar las l\u00edneas de intervenci\u00f3n para enfrentar la emergencia de la gesti\u00f3n de los residuos solidos en las zonas urbanas que el proceso acelerado y desordenado de urbanizaci\u00f3n y m\u00e1s en general de desarrollo ha causado en el pa\u00eds. De manera especial, esta pol\u00edtica ha sido tomada en cuenta a la hora de trazar las l\u00edneas directrices de la presente propuesta.<\/span><\/p>\n<\/div><\/section><\/p><\/div>\n","protected":false},"excerpt":{"rendered":"","protected":false},"author":1,"featured_media":0,"parent":498,"menu_order":0,"comment_status":"closed","ping_status":"closed","template":"","meta":{"footnotes":""},"class_list":["post-505","page","type-page","status-publish","hentry"],"_links":{"self":[{"href":"https:\/\/ciepo.org\/nbsime\/wp-json\/wp\/v2\/pages\/505","targetHints":{"allow":["GET"]}}],"collection":[{"href":"https:\/\/ciepo.org\/nbsime\/wp-json\/wp\/v2\/pages"}],"about":[{"href":"https:\/\/ciepo.org\/nbsime\/wp-json\/wp\/v2\/types\/page"}],"author":[{"embeddable":true,"href":"https:\/\/ciepo.org\/nbsime\/wp-json\/wp\/v2\/users\/1"}],"replies":[{"embeddable":true,"href":"https:\/\/ciepo.org\/nbsime\/wp-json\/wp\/v2\/comments?post=505"}],"version-history":[{"count":1,"href":"https:\/\/ciepo.org\/nbsime\/wp-json\/wp\/v2\/pages\/505\/revisions"}],"predecessor-version":[{"id":506,"href":"https:\/\/ciepo.org\/nbsime\/wp-json\/wp\/v2\/pages\/505\/revisions\/506"}],"up":[{"embeddable":true,"href":"https:\/\/ciepo.org\/nbsime\/wp-json\/wp\/v2\/pages\/498"}],"wp:attachment":[{"href":"https:\/\/ciepo.org\/nbsime\/wp-json\/wp\/v2\/media?parent=505"}],"curies":[{"name":"wp","href":"https:\/\/api.w.org\/{rel}","templated":true}]}}

JUSTIFICACIÓN DEL PROYECTO

<div class='flex_column av-av_one_full-d846867a37b468541bc8830743d44203 av_one_full  avia-builder-el-0  avia-builder-el-no-sibling  first flex_column_div '   ><p>
<style type="text/css" data-created_by="avia_inline_auto" id="style-css-av-ku7c4csw-590a7a1ecd58d51f7546648ded3c5330">
#top .av-special-heading.av-ku7c4csw-590a7a1ecd58d51f7546648ded3c5330{
padding-bottom:10px;
}
</style>
<div  class='av-special-heading av-ku7c4csw-590a7a1ecd58d51f7546648ded3c5330 av-special-heading-h2 blockquote elegant-quote elegant-centered  avia-builder-el-1  el_before_av_hr  avia-builder-el-first  '><h2 class='av-special-heading-tag '  itemprop="headline"  ><span class="heading-wrap">Justificación del proyecto</span></h2><div class='special-heading-border'><div class='special-heading-inner-border'></div></div></div><br />

<style type="text/css" data-created_by="avia_inline_auto" id="style-css-av-av_hr-af89a52d51412774536fa272e468f7cd">
#top .hr.hr-invisible.av-av_hr-af89a52d51412774536fa272e468f7cd{
height:30px;
}
</style>
<div  class='hr av-av_hr-af89a52d51412774536fa272e468f7cd hr-invisible  avia-builder-el-2  el_after_av_heading  el_before_av_textblock  '><span class='hr-inner '><span class="hr-inner-style"></span></span></div><br />
<section class="av_textblock_section "  itemscope="itemscope" itemtype="https://schema.org/CreativeWork" ><div class='avia_textblock  '   itemprop="text" ><p><span style="color: #000000;">El proyecto será ejecutado en tres municipios de la provincia Independencia, ubicada en el suroeste del país en la frontera con Haití, y que se extiende sobre una superficie estimada de 2,007.4 km².</span></p>
<p><span style="color: #000000;">La provincia está dividida en 6 municipios con sus respectivos distritos municipales: Jimaní, cabecera de la provincia, y sus distritos Boca de Cachón y El Limón; Duvergé y su distrito Vengan a Ver; La Descubierta; Cristóbal y su distrito Batey 8; Mella y su distrito La Colonia; y Postrer Río con su distrito Guayabal. Según el Censo Nacional del 2010 la provincia cuenta con 52,589 habitantes, 80% de los cuales concentrados en la zona urbana.</span></p>
<p><span style="color: #000000;">Los municipios de interés de esta acción serán Postrer Río, La Descubierta y Jimaní con sus respectivos distritos municipales.</span></p>
<p><span style="color: #000000;">El territorio de la provincia es caracterizado por la presencia del Lago Enriquillo, el cuerpo de agua más grande de las Antillas, y alrededor del cual se ubican los 6 municipios de la provincia. Actualmente el Lago Enriquillo tiene una extensión de 209 km², superficie variable en la medida que aumenta o disminuye su caudal de agua producto de tormentas, ciclones o períodos de sequía y por la evaporación aguda que se produce en la región, este último fenómeno provocado por el alto nivel de salinidad de las aguas del lago.</span></p>
<p><span style="color: #000000;">El lago es un área rica de biodiversidad y es recurso natural y ecoturístico de sumo valor para la provincia y sus pobladores, siendo reconocida como un área protegida a distintos niveles: a) Parque Nacional (de aplicación local); b) Humedal RAMSAR de Importancia Internacional (No.1178), y c) Reserva de la Biosfera (UNESCO). Por estas razones es imperativa la necesidad de mantener su preservación, la cual en la actualidad es amenazada por el vertido incontrolado de los residuos sólidos en la provincia, que representan un riesgo por la contaminación del lago y por la salud de los mismos pobladores de la provincia.</span></p>
<p><span style="color: #000000;">Ya en el 2010 el PNUD en el marco del “Perfil Socioeconómico y Medio Ambiental de la provincia Independencia” señalaba los problemas relacionados con la gestión de los residuos solidos en la provincia, en particular la acumulación de basura depositada en vertederos improvisados, debido a la falta de recursos de los ayuntamientos para la recogida y tratamiento adecuado de la misma.  Según el Censo Nacional del 2010 en la provincia Independencia el 65,2% de la basura producida en los hogares de la provincia Independencia había sido recogida por los ayuntamientos contra un promedio del 73,2% registrado a nivel nacional, siendo los municipios de La Descubierta (48,7%), de Jimaní (49,3%) y de Postrer Río (51,5%) los ayuntamientos con las tasas de recogida más bajas.</span></p>
<p><span style="color: #000000;">La basura no recogida por los ayuntamientos por lo general es quemada directamente por los pobladores o tirada a las calles, con todas las consecuencias que esto pueda generar.</span></p>
<p><span style="color: #000000;">En 2017 los miembros de la Oficina Técnica de Programación y Planificación (OTIPI) de la Mancomunidad de Municipios y Distritos Municipales de la Provincia Independencia, Republica Dominicana (MAMDIPROI) han llevado a cabo el “Diagnostico sobre los Vertederos Municipales en la provincia Independencia”.</span></p>
<p><span style="color: #000000;">El diagnostico ha relevado en la provincia la presencia de 11 vertederos municipales reconocidos, todos a cielo abierto, y desprovistos de cualquier tipo de manejo técnico y de relleno sanitario. Se ha observado también la presencia de vertederos improvisados de menor tamaño donde la población deposita los residuos. En ambos tipos de vertederos la basura es quemada casi de inmediato, y los desechos depositados son de todos tipos incluyendo residuos biomédicos (como jeringuillas) y desechos incombustibles como latas y vidrios.</span></p>
<p><span style="color: #000000;">En los 3 municipios de interés del proyecto se encuentran 6 vertederos, la mayoría de los cuales son ubicados a una distancia mínima del lago Enriquillo, destacando los de Jimaní y La Descubierta, entre los mayores de la provincia, y que se encuentran a menos de 500 metros de la orilla del lago: en caso de lluvias los residuos son arrastrados hasta el lago o sus inmediaciones. En algunos casos como en Boca de Cachón y Postrer Río, los vertederos se encuentran al lado o muy cercanos a ríos que confluyen en el lago, aumentando el riesgo de contaminación de esto.  La contaminación del lago representa un peligro por el equilibro medioambiental de la región, ya que pone en riesgo de extinción la fauna local.</span></p>
<p><span style="color: #000000;">Ningún tipo de acción de reciclaje se realiza en los 3 municipios de interés, ni en la entera provincia.</span></p>
<p><span style="color: #000000;">El mismo diagnostico señala además que dada la cercanía relativa entre ciudades y la baja generación de los municipios y distritos municipales involucrados no se justifica la existencia de 11 vertederos municipales en la provincia, y que por lo tanto el numero podría ser significativamente reducidos, permitiendo un mejor manejo de estos, reduciendo los potenciales focos de contaminación y mejorando las condiciones paisajísticas de la provincia. Como dicho el diagnostico considera los municipios de la provincia como de baja generación es decir con una producción inferior a las 15 toneladas por día, aunque en la actualidad no se cuenta con datos certeros sobre este asunto.</span></p>
<p><span style="color: #000000;">Para la formulación de la presente propuesta de proyecto se ha llevado a cabo un análisis del marco legal dominicano y de las políticas publicas existentes en tema medioambiental y de gestión de residuos solidos. En particular han sido analizadas:</span></p>
<p><span style="color: #000000;">– Ley General sobre Medio Ambiente y Recursos Naturales 64-00</span></p>
<p><span style="color: #000000;">– Ley General de Salud Pública y Asistencia Social 42-01</span></p>
<p><span style="color: #000000;">– Ley sobre el Distrito Municipal y los Municipios 176-07</span></p>
<p><span style="color: #000000;">– Ley 120-99 sobre la prohibición de tirar desperdicios de todos tipos en espacio públicos</span></p>
<p><span style="color: #000000;">– Estrategia Nacional de Desarrollo –END, Ley 1-12</span></p>
<p><span style="color: #000000;">Además, va mencionado que en el 2014 el Ministerio de Medioambiente y Recursos Naturales de la República Dominicana ha lanzado la “Política para la Gestión Integral de Residuos Sólidos Municipales (RSM)” con el propósito de trazar las líneas de intervención para enfrentar la emergencia de la gestión de los residuos solidos en las zonas urbanas que el proceso acelerado y desordenado de urbanización y más en general de desarrollo ha causado en el país. De manera especial, esta política ha sido tomada en cuenta a la hora de trazar las líneas directrices de la presente propuesta.</span></p>
</div></section></p></div>
