{"id":348,"date":"2021-09-28T15:28:00","date_gmt":"2021-09-28T15:28:00","guid":{"rendered":"https:\/\/ciepo.org\/nbsime\/?page_id=348"},"modified":"2021-10-05T14:07:48","modified_gmt":"2021-10-05T14:07:48","slug":"lineas-de-trabajo","status":"publish","type":"page","link":"https:\/\/ciepo.org\/nbsime\/lineas-de-trabajo\/","title":{"rendered":"L\u00cdNEAS DE TRABAJO"},"content":{"rendered":"<div class='flex_column av-hgzsc-879a5a1eed0539729182bfb45359fb0c av_one_full  avia-builder-el-0  el_before_av_one_fourth  avia-builder-el-first  first flex_column_div '   ><p>\n<style type=\"text\/css\" data-created_by=\"avia_inline_auto\" id=\"style-css-av-ku48flz1-369cb14dabcc47e24a6e73fff3e0eea3\">\n#top .av-special-heading.av-ku48flz1-369cb14dabcc47e24a6e73fff3e0eea3{\npadding-bottom:10px;\n}\n<\/style>\n<div  class='av-special-heading av-ku48flz1-369cb14dabcc47e24a6e73fff3e0eea3 av-special-heading-h2 blockquote elegant-quote elegant-centered  avia-builder-el-1  el_before_av_hr  avia-builder-el-first  '><h2 class='av-special-heading-tag '  itemprop=\"headline\"  ><span class=\"heading-wrap\">\u00bfQu\u00e9 l\u00edneas de trabajo apoya CIEPO en la provincia Independencia?<\/span><\/h2><div class='special-heading-border'><div class='special-heading-inner-border'><\/div><\/div><\/div><br \/>\n\n<style type=\"text\/css\" data-created_by=\"avia_inline_auto\" id=\"style-css-av-auf1w-9f5de33f6ab78901c42c35846829e8dd\">\n#top .hr.hr-invisible.av-auf1w-9f5de33f6ab78901c42c35846829e8dd{\nheight:30px;\n}\n<\/style>\n<div  class='hr av-auf1w-9f5de33f6ab78901c42c35846829e8dd hr-invisible  avia-builder-el-2  el_after_av_heading  avia-builder-el-last  '><span class='hr-inner '><span class=\"hr-inner-style\"><\/span><\/span><\/div><\/p><\/div><div class='flex_column av-av_one_fourth-d846867a37b468541bc8830743d44203 av_one_fourth  avia-builder-el-3  el_after_av_one_full  el_before_av_three_fourth  first flex_column_div column-top-margin'   ><div  class='avia-builder-widget-area clearfix  avia-builder-el-4  avia-builder-el-no-sibling '><section id=\"nav_menu-2\" class=\"widget clearfix widget_nav_menu\"><div class=\"menu-lateral-quienes-somos-container\"><ul id=\"menu-lateral-quienes-somos\" class=\"menu\"><li id=\"menu-item-561\" class=\"menu-item menu-item-type-post_type menu-item-object-page menu-item-561\"><a href=\"https:\/\/ciepo.org\/nbsime\/quienes-somos\/\">\u00bfQUI\u00c9NES SOMOS?<\/a><\/li>\n<li id=\"menu-item-562\" class=\"menu-item menu-item-type-post_type menu-item-object-page menu-item-562\"><a href=\"https:\/\/ciepo.org\/nbsime\/evolucion\/\">EVOLUCI\u00d3N<\/a><\/li>\n<li id=\"menu-item-563\" class=\"menu-item menu-item-type-post_type menu-item-object-page menu-item-563\"><a href=\"https:\/\/ciepo.org\/nbsime\/estrategia\/\">ESTRATEGIA<\/a><\/li>\n<li id=\"menu-item-565\" class=\"menu-item menu-item-type-post_type menu-item-object-page menu-item-565\"><a href=\"https:\/\/ciepo.org\/nbsime\/donde-trabaja-ciepo\/\">\u00bfD\u00d3NDE TRABAJA CIEPO?<\/a><\/li>\n<li id=\"menu-item-564\" class=\"menu-item menu-item-type-post_type menu-item-object-page menu-item-564\"><a href=\"https:\/\/ciepo.org\/nbsime\/lineas-de-trabajo\/\">L\u00cdNEAS DE TRABAJO<\/a><\/li>\n<li id=\"menu-item-566\" class=\"menu-item menu-item-type-post_type menu-item-object-page menu-item-566\"><a href=\"https:\/\/ciepo.org\/nbsime\/programas-ciepo\/\">PROGRAMAS CIEPO<\/a><\/li>\n<li id=\"menu-item-567\" class=\"menu-item menu-item-type-post_type menu-item-object-page menu-item-567\"><a href=\"https:\/\/ciepo.org\/nbsime\/usuarios-as-de-ciepo\/\">USUARIOS\/AS DE CIEPO<\/a><\/li>\n<li id=\"menu-item-568\" class=\"menu-item menu-item-type-post_type menu-item-object-page menu-item-568\"><a href=\"https:\/\/ciepo.org\/nbsime\/programas-de-desarrollo\/\">PROGRAMAS DE DESARROLLO<\/a><\/li>\n<li id=\"menu-item-604\" class=\"menu-item menu-item-type-post_type menu-item-object-page menu-item-604\"><a href=\"https:\/\/ciepo.org\/nbsime\/la-region\/\">LA REGI\u00d3N<\/a><\/li>\n<\/ul><\/div><span class=\"seperator extralight-border\"><\/span><\/section><\/div><\/div><div class='flex_column av-av_three_fourth-337486787960716147ecfb4074cb91c6 av_three_fourth  avia-builder-el-5  el_after_av_one_fourth  avia-builder-el-last  flex_column_div column-top-margin'   ><section class=\"av_textblock_section \"  itemscope=\"itemscope\" itemtype=\"https:\/\/schema.org\/CreativeWork\" ><div class='avia_textblock  '   itemprop=\"text\" ><p><span style=\"color: #000000;\">Los programas que ejecutamos son los siguientes:\u00a0 Programa Econ\u00f3mico Productivo, que consiste en una Unidad de Cr\u00e9dito que beneficia a cientos de productores agropecuarios y microempresas; Unidad de Proyectos Productivos, Apoyo a las Empresas Asociativas, y una Unidad de Preservaci\u00f3n de los Recursos Naturales.\u00a0 Programa de Capacitaci\u00f3n y Acci\u00f3n Comunitaria, consistente en acompa\u00f1amiento sistem\u00e1tico a los grupos de Base, Fortalecimiento a las Capacidades Locales, y una Unidad de Gesti\u00f3n de Riesgo y Respuesta a Emergencia.<\/span><\/p>\n<p><span style=\"color: #000000;\">El trabajo de CIEPO es financiado por diferentes institucionales que reconocen nuestro trabajo, nacionales e internacionales, dentro de los cuales esta: Interm\u00f3n Oxfam, la Agencia Espa\u00f1ola de Cooperaci\u00f3n Internacional, (AECI), Veterinarios Sin Fronteras, (VSF), Educaci\u00f3n Sin Fronteras, (ESF), la Cooperaci\u00f3n T\u00e9cnica Alemana, (GTZ), la Uni\u00f3n Europea, la ONFED, el Programa de Peque\u00f1os Subsidios (PPS\/PNUD), la Agencia Canadiense Plan Nagua, entre otras.\u00a0<\/span><\/p>\n<h4><strong><span style=\"color: #4c90cd;\"><u>POL\u00cdTICA DE G\u00c9NERO<\/u><\/span><\/strong><\/h4>\n<p><span style=\"color: #000000;\">CIEPO tiene definida una pol\u00edtica de trabajar por la igualdad de hombres y mujeres.\u00a0 Sus miembros\/as, y su personal operativo, t\u00e9cnicos y promotores han participado en procesos de formaci\u00f3n en la tem\u00e1tica de g\u00e9nero.\u00a0 El trabajo de acompa\u00f1amiento y promoci\u00f3n en los grupos de base est\u00e1 dirigido a que sus miembros\/as tengan igual oportunidad ante el cr\u00e9dito y la capacitaci\u00f3n.\u00a0\u00a0 En la actualidad trabajamos de manera sistem\u00e1tica un total de 12 grupos de mujeres, los cuales se aglutinan en la Federaci\u00f3n de Mujeres Microempresarias de la Provincia Independencia, Inc.<\/span><\/p>\n<h4><strong><span style=\"color: #4c90cd;\"><u>POL\u00cdTICA DE MANEJO DE LOS RECURSOS NATURALES.<\/u><\/span><\/strong><\/h4>\n<p><span style=\"color: #000000;\">El CIEPO promueve el manejo racional del bosque seco, la agricultura sostenible y desde una perspectiva medioambiental, aboga por un manejo de las \u00e1reas monta\u00f1osas donde realiza su trabajo de acompa\u00f1amiento productivo.<\/span><\/p>\n<p><span style=\"color: #000000;\">Se busca desarrollar acciones para la conservaci\u00f3n y uso sostenible de los recursos naturales, reducir los efectos negativos en los sistemas de producci\u00f3n agr\u00edcola y el cambio clim\u00e1tico, a trav\u00e9s de la conservaci\u00f3n de suelo, la recuperaci\u00f3n de suelo, la recuperaci\u00f3n forestal y la instalaci\u00f3n de sistemas de energ\u00eda solar.<\/span><\/p>\n<h4><strong><span style=\"color: #4c90cd;\"><u>POL\u00cdTICA DE FOMENTO Y DIVERSIFICACI\u00d3N AGROPECUARIA<\/u><\/span><\/strong><\/h4>\n<p><span style=\"color: #000000;\">Con la dotaci\u00f3n de cr\u00e9ditos a intereses blandos CIEPO orienta la formaci\u00f3n de los campesinos y las campesinas para que implementen proyectos agr\u00edcolas y pecuarios no degradantes y econ\u00f3micamente rentables.<\/span><\/p>\n<h4><strong><span style=\"color: #4c90cd;\"><u>POL\u00cdTICA DE REDUCCI\u00d3N DEL DESEMPLEO<\/u><\/span><\/strong><\/h4>\n<p><span style=\"color: #000000;\">Por medio del Fondo Rotatorio CIEPO desarrolla de manera asociativa e individual proyectos agropecuarios, industriales y de comercializaci\u00f3n que generan empleo familiar y elevan el ingreso de los asociados (as) y de un peque\u00f1o segmento de la poblaci\u00f3n no asociada<em>.<\/em><\/span><\/p>\n<p><span style=\"color: #000000;\">En cada una de las acciones llevadas a cabo con miras a la reducci\u00f3n del desempleo, est\u00e1 concebida equilibrar la participaci\u00f3n de hombres y mujeres.\u00a0 Con esto buscamos que las mujeres asociadas tengan sus propias iniciativas econ\u00f3micas, que rompan con los lazos hist\u00f3ricos de dependencia.\u00a0<\/span><\/p>\n<p><span style=\"color: #000000;\">El rol que habr\u00e1 de ocupar los hombres y las mujeres en las diferentes iniciativas de proyectos puestas en marcha les permitir\u00e1 la generaci\u00f3n de ingresos y con ello la consolidaci\u00f3n de sus organizaciones de base, como entes de desarrollo en el interior de sus comunidades y en el seno de sus familias.<\/span><\/p>\n<\/div><\/section><\/div><\/p>\n","protected":false},"excerpt":{"rendered":"","protected":false},"author":1,"featured_media":0,"parent":0,"menu_order":0,"comment_status":"closed","ping_status":"closed","template":"","meta":{"footnotes":""},"class_list":["post-348","page","type-page","status-publish","hentry"],"_links":{"self":[{"href":"https:\/\/ciepo.org\/nbsime\/wp-json\/wp\/v2\/pages\/348","targetHints":{"allow":["GET"]}}],"collection":[{"href":"https:\/\/ciepo.org\/nbsime\/wp-json\/wp\/v2\/pages"}],"about":[{"href":"https:\/\/ciepo.org\/nbsime\/wp-json\/wp\/v2\/types\/page"}],"author":[{"embeddable":true,"href":"https:\/\/ciepo.org\/nbsime\/wp-json\/wp\/v2\/users\/1"}],"replies":[{"embeddable":true,"href":"https:\/\/ciepo.org\/nbsime\/wp-json\/wp\/v2\/comments?post=348"}],"version-history":[{"count":2,"href":"https:\/\/ciepo.org\/nbsime\/wp-json\/wp\/v2\/pages\/348\/revisions"}],"predecessor-version":[{"id":577,"href":"https:\/\/ciepo.org\/nbsime\/wp-json\/wp\/v2\/pages\/348\/revisions\/577"}],"wp:attachment":[{"href":"https:\/\/ciepo.org\/nbsime\/wp-json\/wp\/v2\/media?parent=348"}],"curies":[{"name":"wp","href":"https:\/\/api.w.org\/{rel}","templated":true}]}}