{"id":336,"date":"2021-09-28T15:11:21","date_gmt":"2021-09-28T15:11:21","guid":{"rendered":"https:\/\/ciepo.org\/nbsime\/?page_id=336"},"modified":"2021-10-05T13:28:41","modified_gmt":"2021-10-05T13:28:41","slug":"evolucion","status":"publish","type":"page","link":"https:\/\/ciepo.org\/nbsime\/evolucion\/","title":{"rendered":"EVOLUCI\u00d3N"},"content":{"rendered":"<div class='flex_column av-4km0-6cc2168da844f3cbda5291126e744852 av_one_full  avia-builder-el-0  el_before_av_one_fourth  avia-builder-el-first  first flex_column_div '   ><p>\n<style type=\"text\/css\" data-created_by=\"avia_inline_auto\" id=\"style-css-av-ku47tfzr-d78c027e5be9dd0680184d04a7bffcef\">\n#top .av-special-heading.av-ku47tfzr-d78c027e5be9dd0680184d04a7bffcef{\npadding-bottom:10px;\n}\n<\/style>\n<div  class='av-special-heading av-ku47tfzr-d78c027e5be9dd0680184d04a7bffcef av-special-heading-h2 blockquote elegant-quote elegant-centered  avia-builder-el-1  el_before_av_hr  avia-builder-el-first  '><h2 class='av-special-heading-tag '  itemprop=\"headline\"  ><span class=\"heading-wrap\">Evoluci\u00f3n del CIEPO<\/span><\/h2><div class='special-heading-border'><div class='special-heading-inner-border'><\/div><\/div><\/div><br \/>\n\n<style type=\"text\/css\" data-created_by=\"avia_inline_auto\" id=\"style-css-av-snw8-36433d9d8cdb76e46f36bccd7af57ed0\">\n#top .hr.hr-invisible.av-snw8-36433d9d8cdb76e46f36bccd7af57ed0{\nheight:30px;\n}\n<\/style>\n<div  class='hr av-snw8-36433d9d8cdb76e46f36bccd7af57ed0 hr-invisible  avia-builder-el-2  el_after_av_heading  avia-builder-el-last  '><span class='hr-inner '><span class=\"hr-inner-style\"><\/span><\/span><\/div><\/p><\/div><div class='flex_column av-av_one_fourth-d846867a37b468541bc8830743d44203 av_one_fourth  avia-builder-el-3  el_after_av_one_full  el_before_av_three_fourth  first flex_column_div column-top-margin'   ><div  class='avia-builder-widget-area clearfix  avia-builder-el-4  avia-builder-el-no-sibling '><section id=\"nav_menu-2\" class=\"widget clearfix widget_nav_menu\"><div class=\"menu-lateral-quienes-somos-container\"><ul id=\"menu-lateral-quienes-somos\" class=\"menu\"><li id=\"menu-item-561\" class=\"menu-item menu-item-type-post_type menu-item-object-page menu-item-561\"><a href=\"https:\/\/ciepo.org\/nbsime\/quienes-somos\/\">\u00bfQUI\u00c9NES SOMOS?<\/a><\/li>\n<li id=\"menu-item-562\" class=\"menu-item menu-item-type-post_type menu-item-object-page menu-item-562\"><a href=\"https:\/\/ciepo.org\/nbsime\/evolucion\/\">EVOLUCI\u00d3N<\/a><\/li>\n<li id=\"menu-item-563\" class=\"menu-item menu-item-type-post_type menu-item-object-page menu-item-563\"><a href=\"https:\/\/ciepo.org\/nbsime\/estrategia\/\">ESTRATEGIA<\/a><\/li>\n<li id=\"menu-item-565\" class=\"menu-item menu-item-type-post_type menu-item-object-page menu-item-565\"><a href=\"https:\/\/ciepo.org\/nbsime\/donde-trabaja-ciepo\/\">\u00bfD\u00d3NDE TRABAJA CIEPO?<\/a><\/li>\n<li id=\"menu-item-564\" class=\"menu-item menu-item-type-post_type menu-item-object-page menu-item-564\"><a href=\"https:\/\/ciepo.org\/nbsime\/lineas-de-trabajo\/\">L\u00cdNEAS DE TRABAJO<\/a><\/li>\n<li id=\"menu-item-566\" class=\"menu-item menu-item-type-post_type menu-item-object-page menu-item-566\"><a href=\"https:\/\/ciepo.org\/nbsime\/programas-ciepo\/\">PROGRAMAS CIEPO<\/a><\/li>\n<li id=\"menu-item-567\" class=\"menu-item menu-item-type-post_type menu-item-object-page menu-item-567\"><a href=\"https:\/\/ciepo.org\/nbsime\/usuarios-as-de-ciepo\/\">USUARIOS\/AS DE CIEPO<\/a><\/li>\n<li id=\"menu-item-568\" class=\"menu-item menu-item-type-post_type menu-item-object-page menu-item-568\"><a href=\"https:\/\/ciepo.org\/nbsime\/programas-de-desarrollo\/\">PROGRAMAS DE DESARROLLO<\/a><\/li>\n<li id=\"menu-item-604\" class=\"menu-item menu-item-type-post_type menu-item-object-page menu-item-604\"><a href=\"https:\/\/ciepo.org\/nbsime\/la-region\/\">LA REGI\u00d3N<\/a><\/li>\n<\/ul><\/div><span class=\"seperator extralight-border\"><\/span><\/section><\/div><\/div><div class='flex_column av-av_three_fourth-337486787960716147ecfb4074cb91c6 av_three_fourth  avia-builder-el-5  el_after_av_one_fourth  avia-builder-el-last  flex_column_div column-top-margin'   ><section class=\"av_textblock_section \"  itemscope=\"itemscope\" itemtype=\"https:\/\/schema.org\/CreativeWork\" ><div class='avia_textblock  '   itemprop=\"text\" ><p><span style=\"color: #000000;\">Luego de m\u00e1s de 30 a\u00f1os de trabajo, el fortalecimiento institucional de CIEPO ha sido evidente, por su presencia ininterrumpida, el mantenimiento a los principios originales, su cada vez m\u00e1s fuerte estructura funcional, y el reconocimiento de varias instituciones p\u00fablicas, privadas (nacionales e internacionales), que han sido soporte en la ejecuci\u00f3n de cada una de las acciones desarrolladas a lo largo de todo este tiempo, hasta convertirse al d\u00eda de hoy, es la Instituci\u00f3n L\u00edder de la Provincia Independencia, por su condici\u00f3n de ser local al igual que sus integrantes, t\u00e9cnicos, voluntarios y personal operativo que le sirven de soporte.\u00a0 Su trabajo est\u00e1 dirigido al acompa\u00f1amiento de los grupos de base (Hombres y Mujeres) de la Provincia Independencia.<\/span><\/p>\n<p><span style=\"color: #000000;\">Hemos afianzado nuestro trabajo, no solo a comunidades de la Provincia Independencia, sino que hemos asumido la ejecuci\u00f3n de proyectos en los que han participado comunidades de\u00a0<\/span><strong><span style=\"color: #4c90cd;\">Bahoruco (Villa Jaragua y Los R\u00edos).<\/span><\/strong><\/p>\n<p><strong><span style=\"color: #4c90cd;\">CIEPO se ha especializado en la en la tem\u00e1tica de Genero<\/span><\/strong>\u00a0<span style=\"color: #000000;\">y sobre todo en trabajos con mujeres;\u00a0<\/span><strong><span style=\"color: #4c90cd;\">Gesti\u00f3n del Riesgo;<\/span><\/strong> <span style=\"color: #000000;\">en la gesti\u00f3n de cr\u00e9dito hacia sectores productivos de la provincia Independencia y Bahoruco; en el apoyo a una<\/span>\u00a0<strong><span style=\"color: #4c90cd;\">educaci\u00f3n p\u00fablica de calidad,<\/span><\/strong> <span style=\"color: #000000;\">siendo receptora y mediadora de cuantiosos millones de pesos provenientes de la cooperaci\u00f3n internacional en la zona y del gobierno.<\/span><\/p>\n<p><span style=\"color: #000000;\">CIEPO ha asumido el compromiso voluntario de seguir trabajando a favor de la elevaci\u00f3n de los niveles de conciencia de los sectores sociales m\u00e1s empobrecidos y en condiciones de vulnerabilidad varios municipios y comunidades de la Provincia Independencia.<\/span><\/p>\n<p><span style=\"color: #000000;\">Durante su fundaci\u00f3n, CIEPO ha acompa\u00f1ado y asesorado a los diversos y variados procesos de desarrollo integrales en varias comunidades de la Provincia Independencia, desde la perspectiva popular comunitaria y metodolog\u00eda de desarrollo integral de comunidades de la zona<\/span><\/p>\n<p><span style=\"color: #000000;\">Ha sido y sigue siendo preocupaci\u00f3n fundamental de CIEPO el dotar a estos sectores, grupos de base conformados por campesinos\/as y productores rurales peque\u00f1os\/as negociantes o personas con potencial para desarrollar microempresas, herramientas educativas, de organizaci\u00f3n y t\u00e9cnicas que les sirvan para hacer m\u00e1s llevadera su existencia\u00a0y con conciencia para luchar por superar la dependencia, el atraso y la pobreza.<\/span><\/p>\n<p><span style=\"color: #000000;\">En esta l\u00ednea se plantean y ejecutan actividades de apoyo al trabajo productivo de los grupos campesinos y personas con ideas claras de lo que quieren producir o servicios que puedan ofertar, a fin de que estas actividades contribuyan al fortalecimiento de los grupos de base, crecimiento econ\u00f3mico, a la generaci\u00f3n de ingresos y mejoramiento de las condiciones de vida para las familias campesina<\/span><\/p>\n<\/div><\/section><\/div><\/p>\n","protected":false},"excerpt":{"rendered":"","protected":false},"author":1,"featured_media":0,"parent":0,"menu_order":0,"comment_status":"closed","ping_status":"closed","template":"","meta":{"footnotes":""},"class_list":["post-336","page","type-page","status-publish","hentry"],"_links":{"self":[{"href":"https:\/\/ciepo.org\/nbsime\/wp-json\/wp\/v2\/pages\/336","targetHints":{"allow":["GET"]}}],"collection":[{"href":"https:\/\/ciepo.org\/nbsime\/wp-json\/wp\/v2\/pages"}],"about":[{"href":"https:\/\/ciepo.org\/nbsime\/wp-json\/wp\/v2\/types\/page"}],"author":[{"embeddable":true,"href":"https:\/\/ciepo.org\/nbsime\/wp-json\/wp\/v2\/users\/1"}],"replies":[{"embeddable":true,"href":"https:\/\/ciepo.org\/nbsime\/wp-json\/wp\/v2\/comments?post=336"}],"version-history":[{"count":3,"href":"https:\/\/ciepo.org\/nbsime\/wp-json\/wp\/v2\/pages\/336\/revisions"}],"predecessor-version":[{"id":571,"href":"https:\/\/ciepo.org\/nbsime\/wp-json\/wp\/v2\/pages\/336\/revisions\/571"}],"wp:attachment":[{"href":"https:\/\/ciepo.org\/nbsime\/wp-json\/wp\/v2\/media?parent=336"}],"curies":[{"name":"wp","href":"https:\/\/api.w.org\/{rel}","templated":true}]}}